{"id":40,"date":"2026-02-15T15:12:03","date_gmt":"2026-02-15T15:12:03","guid":{"rendered":"http:\/\/tbmglwe.cluster100.hosting.ovh.net\/?post_type=product&#038;p=40"},"modified":"2026-03-08T18:40:14","modified_gmt":"2026-03-08T18:40:14","slug":"inde-nepal-cloche-rituelle-ghanta-bronze-xixe-siecle-divinite-sur-lion-simha","status":"publish","type":"product","link":"https:\/\/artculture6.com\/index.php\/product\/inde-nepal-cloche-rituelle-ghanta-bronze-xixe-siecle-divinite-sur-lion-simha\/","title":{"rendered":"Inde N\u00e9pal cloche rituelle Ghanta bronze XIXe si\u00e8cle divinit\u00e9 sur lion Simha"},"content":{"rendered":"<p style=\"font-weight: 400;\">Je vous propose cette cloche rituelle (ghanta) en bronze, Inde ou N\u00e9pal, XIXe si\u00e8cle, \u00e0 panse \u00e9vas\u00e9e reposant sur une base annulaire. Elle est surmont\u00e9e d\u2019un groupe sculpt\u00e9 figurant une divinit\u00e9 assise en majest\u00e9 sur un lion (Simha), les bras lev\u00e9s tenant des attributs circulaires, coiff\u00e9e d\u2019un haut diad\u00e8me conique et par\u00e9e de bijoux stylis\u00e9s. Fonte \u00e0 la cire perdue, d\u00e9cor model\u00e9 en relief avec d\u00e9tails incis\u00e9s, patine brun sombre nuanc\u00e9e d\u2019usures dor\u00e9es aux saillies t\u00e9moignant de manipulations anciennes. Int\u00e9rieur pr\u00e9sentant les traces de coul\u00e9e et son battant m\u00e9tallique suspendu. Proportions harmonieuses (hauteur 11,1 cm ; largeur env. 5 cm ; poids 272 g). Correspond aux cloches rituelles domestiques utilis\u00e9es dans les pratiques hindoues ou bouddhiques himalayennes au XIXe si\u00e8cle. Objet de d\u00e9votion priv\u00e9e pr\u00e9sentant une belle coh\u00e9rence stylistique et technique.<\/p>\n<p style=\"font-weight: 400;\">B3270C906<\/p>\n<p style=\"font-weight: 400;\">\n","protected":false},"excerpt":{"rendered":"<p>Cloche rituelle ghanta en bronze Inde ou N\u00e9pal XIXe si\u00e8cle, surmont\u00e9e d\u2019une divinit\u00e9 assise sur un lion. Fonte \u00e0 la cire perdue, patine ancienne aux reliefs us\u00e9s. Objet de culte domestique de tradition hindoue ou himalayenne. Hauteur 11,1 cm, poids 272 g.<\/p>\n","protected":false},"featured_media":41,"comment_status":"open","ping_status":"closed","template":"","meta":[],"product_brand":[],"product_cat":[350,241,196],"product_tag":[72,69,68,67,70,71,73,20],"class_list":{"0":"post-40","1":"product","2":"type-product","3":"status-publish","4":"has-post-thumbnail","6":"product_cat-mythes-religions-esoterisme","7":"product_cat-nepal","8":"product_cat-par-zones-geographiques","9":"product_tag-art-himalayen","10":"product_tag-bronze","11":"product_tag-cloche-rituelle","12":"product_tag-ghanta","13":"product_tag-inde","14":"product_tag-nepal","15":"product_tag-objet-de-culte","16":"product_tag-xixe-siecle","18":"first","19":"instock","20":"shipping-taxable","21":"purchasable","22":"product-type-simple"},"_links":{"self":[{"href":"https:\/\/artculture6.com\/index.php\/wp-json\/wp\/v2\/product\/40","targetHints":{"allow":["GET"]}}],"collection":[{"href":"https:\/\/artculture6.com\/index.php\/wp-json\/wp\/v2\/product"}],"about":[{"href":"https:\/\/artculture6.com\/index.php\/wp-json\/wp\/v2\/types\/product"}],"replies":[{"embeddable":true,"href":"https:\/\/artculture6.com\/index.php\/wp-json\/wp\/v2\/comments?post=40"}],"wp:featuredmedia":[{"embeddable":true,"href":"https:\/\/artculture6.com\/index.php\/wp-json\/wp\/v2\/media\/41"}],"wp:attachment":[{"href":"https:\/\/artculture6.com\/index.php\/wp-json\/wp\/v2\/media?parent=40"}],"wp:term":[{"taxonomy":"product_brand","embeddable":true,"href":"https:\/\/artculture6.com\/index.php\/wp-json\/wp\/v2\/product_brand?post=40"},{"taxonomy":"product_cat","embeddable":true,"href":"https:\/\/artculture6.com\/index.php\/wp-json\/wp\/v2\/product_cat?post=40"},{"taxonomy":"product_tag","embeddable":true,"href":"https:\/\/artculture6.com\/index.php\/wp-json\/wp\/v2\/product_tag?post=40"}],"curies":[{"name":"wp","href":"https:\/\/api.w.org\/{rel}","templated":true}]}}