{"id":27,"date":"2026-02-15T04:50:43","date_gmt":"2026-02-15T04:50:43","guid":{"rendered":"http:\/\/tbmglwe.cluster100.hosting.ovh.net\/?post_type=product&#038;p=27"},"modified":"2026-03-08T18:42:01","modified_gmt":"2026-03-08T18:42:01","slug":"masque-coeur-sepik-art-premier-art-oceanie-papouasie-nouvelle-guinee","status":"publish","type":"product","link":"https:\/\/artculture6.com\/index.php\/product\/masque-coeur-sepik-art-premier-art-oceanie-papouasie-nouvelle-guinee\/","title":{"rendered":"Masque Coeur S\u00e9pik Art Premier Art Oc\u00e9anie Papouasie Nouvelle Guin\u00e9e"},"content":{"rendered":"<p data-start=\"912\" data-end=\"1021\">Masque originaire de la vall\u00e9e du S\u00e9pik, en Papouasie Nouvelle-Guin\u00e9e, r\u00e9gion embl\u00e9matique de l\u2019art oc\u00e9anien.<\/p>\n<p data-start=\"1023\" data-end=\"1332\">Ce masque pr\u00e9sente une forme allong\u00e9e caract\u00e9ristique, \u00e9voquant un c\u0153ur stylis\u00e9, avec un long nez en pointe. Le d\u00e9cor est structur\u00e9 par des aplats de pigments rouge et noir, organis\u00e9s en registres sym\u00e9triques. Plusieurs coquillages incrust\u00e9s rythment la surface et renforcent la dimension rituelle de l\u2019objet.<\/p>\n<p data-start=\"1334\" data-end=\"1536\">Les perforations lat\u00e9rales et centrales sugg\u00e8rent un usage c\u00e9r\u00e9moniel, probablement li\u00e9 aux rites d\u2019initiation ou aux repr\u00e9sentations d\u2019anc\u00eatres, comme cela est fr\u00e9quent dans l\u2019aire culturelle du S\u00e9pik.<\/p>\n<p data-start=\"1538\" data-end=\"1661\">Bois sculpt\u00e9, polychromie ancienne, coquillages.<br data-start=\"1586\" data-end=\"1589\" \/>Patine d\u2019usage et traces d\u2019anciennet\u00e9 coh\u00e9rentes avec un objet rituel.<\/p>\n<p data-start=\"1663\" data-end=\"1728\">Bel exemple d\u2019Art Premier d\u2019Oc\u00e9anie, \u00e0 forte pr\u00e9sence d\u00e9corative.<\/p>\n<p data-start=\"1663\" data-end=\"1728\">5310-5RCOUL<\/p>\n","protected":false},"excerpt":{"rendered":"<p data-start=\"673\" data-end=\"851\">Masque S\u00e9pik (Papouasie Nouvelle-Guin\u00e9e), forme stylis\u00e9e en c\u0153ur allong\u00e9.<br data-start=\"746\" data-end=\"749\" \/>Bois sculpt\u00e9, pigments rouge et noir, d\u00e9cor de coquillages.<br data-start=\"808\" data-end=\"811\" \/>Art c\u00e9r\u00e9moniel d\u2019Oc\u00e9anie \u2013 XXe si\u00e8cle.<\/p>\n","protected":false},"featured_media":33,"comment_status":"open","ping_status":"closed","template":"","meta":[],"product_brand":[],"product_cat":[252,196],"product_tag":[38,37,41,45,42,36,43,39,44,40],"class_list":{"0":"post-27","1":"product","2":"type-product","3":"status-publish","4":"has-post-thumbnail","6":"product_cat-papouasie-nouvelle-guinee","7":"product_cat-par-zones-geographiques","8":"product_tag-art-oceanien","9":"product_tag-art-premier","10":"product_tag-art-tribal","11":"product_tag-coquillages","12":"product_tag-masque-ceremoniel","13":"product_tag-masque-sepik","14":"product_tag-oceanie","15":"product_tag-papouasie-nouvelle-guinee","16":"product_tag-sculpture-bois","17":"product_tag-vallee-du-sepik","19":"first","20":"instock","21":"shipping-taxable","22":"purchasable","23":"product-type-simple"},"_links":{"self":[{"href":"https:\/\/artculture6.com\/index.php\/wp-json\/wp\/v2\/product\/27","targetHints":{"allow":["GET"]}}],"collection":[{"href":"https:\/\/artculture6.com\/index.php\/wp-json\/wp\/v2\/product"}],"about":[{"href":"https:\/\/artculture6.com\/index.php\/wp-json\/wp\/v2\/types\/product"}],"replies":[{"embeddable":true,"href":"https:\/\/artculture6.com\/index.php\/wp-json\/wp\/v2\/comments?post=27"}],"wp:featuredmedia":[{"embeddable":true,"href":"https:\/\/artculture6.com\/index.php\/wp-json\/wp\/v2\/media\/33"}],"wp:attachment":[{"href":"https:\/\/artculture6.com\/index.php\/wp-json\/wp\/v2\/media?parent=27"}],"wp:term":[{"taxonomy":"product_brand","embeddable":true,"href":"https:\/\/artculture6.com\/index.php\/wp-json\/wp\/v2\/product_brand?post=27"},{"taxonomy":"product_cat","embeddable":true,"href":"https:\/\/artculture6.com\/index.php\/wp-json\/wp\/v2\/product_cat?post=27"},{"taxonomy":"product_tag","embeddable":true,"href":"https:\/\/artculture6.com\/index.php\/wp-json\/wp\/v2\/product_tag?post=27"}],"curies":[{"name":"wp","href":"https:\/\/api.w.org\/{rel}","templated":true}]}}