{"id":2155,"date":"2026-04-16T09:57:17","date_gmt":"2026-04-16T07:57:17","guid":{"rendered":"https:\/\/artculture6.com\/?post_type=product&#038;p=2155"},"modified":"2026-04-16T09:57:18","modified_gmt":"2026-04-16T07:57:18","slug":"paris-w-turner-pont-de-saint-cloud-france-graveur-fisher-c-1833","status":"publish","type":"product","link":"https:\/\/artculture6.com\/index.php\/product\/paris-w-turner-pont-de-saint-cloud-france-graveur-fisher-c-1833\/","title":{"rendered":"Paris W Turner Pont de Saint-Cloud France graveur Fisher C 1833"},"content":{"rendered":"<p><span style=\"font-size: x-large;\"><span style=\"font-family: Arial;\">R\u00e9f\u00e9rence\u00a0<\/span>5403-14-792L754-5<\/span><\/p>\n<div>\n<p data-start=\"283\" data-end=\"439\"><span style=\"font-size: x-large;\">Je vous propose cette belle vue anim\u00e9e de Paris repr\u00e9sentant\u00a0le pont de Saint-Cloud et de la vall\u00e9e de la Seine, d\u2019apr\u00e8s une composition de Joseph Mallord William Turner.<\/span><\/p>\n<p data-start=\"341\" data-end=\"616\"><span style=\"font-size: x-large;\">La sc\u00e8ne offre un large panorama des hauteurs de Saint-Cloud, dominant le fleuve et ses rives anim\u00e9es. Le pont, avec ses arches r\u00e9guli\u00e8res, s\u2019inscrit dans une composition ouverte, tandis qu\u2019un arc-en-ciel vient animer le ciel et renforcer la dimension po\u00e9tique de l\u2019ensemble.<\/span><\/p>\n<p data-start=\"618\" data-end=\"898\"><span style=\"font-size: x-large;\">Turner, ma\u00eetre du paysage romantique, capte ici les effets atmosph\u00e9riques avec subtilit\u00e9. Cette vision est\u00a0<span data-start=\"725\" data-end=\"774\">interpr\u00e9t\u00e9e et traduite en gravure par Fisher<\/span>, dont le travail pr\u00e9cis du burin restitue avec finesse les contrastes, la profondeur du paysage et la richesse des d\u00e9tails.<\/span><\/p>\n<p data-start=\"900\" data-end=\"1034\"><span style=\"font-size: x-large;\">Les figures en promenade au premier plan participent \u00e0 l\u2019\u00e9quilibre de la composition, entre observation du paysage et vie quotidienne.<\/span><\/p>\n<p data-start=\"1204\" data-end=\"1357\"><span style=\"font-size: x-large;\">Dimensions de la feuille : 24,4 cm \u00d7 18,2 cm<br data-start=\"1301\" data-end=\"1304\" \/>Dimensions de la gravure seule : 13,5 cm \u00d7 9,8 cm<\/span><\/p>\n<\/div>\n","protected":false},"excerpt":{"rendered":"<p>D\u2019apr\u00e8s J. M. W. Turner<br data-start=\"1289\" data-end=\"1292\" \/>Grav\u00e9e par <strong data-start=\"1303\" data-end=\"1313\">Fisher<\/strong><br data-start=\"1313\" data-end=\"1316\" \/>Saint-Cloud (Paris)<br data-start=\"1335\" data-end=\"1338\" \/>\u00c9poque : XIXe si\u00e8cle<br data-start=\"1358\" data-end=\"1361\" \/>Dimensions feuille : 24,4 \u00d7 18,2 cm<br data-start=\"1396\" data-end=\"1399\" \/>Dimensions image : 13,5 \u00d7 9,8 cm<\/p>\n","protected":false},"featured_media":2156,"comment_status":"open","ping_status":"closed","template":"","meta":[],"product_brand":[],"product_cat":[557,1482],"product_tag":[998,737,1003,1491,1468,1476,1493,1494,1050,1489,1474,1423,1467,1492,1022],"class_list":{"0":"post-2155","1":"product","2":"type-product","3":"status-publish","4":"has-post-thumbnail","6":"product_cat-artistes-2","7":"product_cat-turner-joseph-mallord-william-1775-1851","8":"product_tag-19th-century-print","9":"product_tag-antique-print","10":"product_tag-collectible-print","11":"product_tag-fisher-engraver","12":"product_tag-jmw-turner","13":"product_tag-paris-engraving","14":"product_tag-pont-saint-cloud","15":"product_tag-rainbow-engraving","16":"product_tag-romantic-landscape","17":"product_tag-saint-cloud","18":"product_tag-seine-paris","19":"product_tag-steel-engraving","20":"product_tag-turner","21":"product_tag-turner-fisher","22":"product_tag-vintage-print","24":"first","25":"instock","26":"shipping-taxable","27":"purchasable","28":"product-type-simple"},"_links":{"self":[{"href":"https:\/\/artculture6.com\/index.php\/wp-json\/wp\/v2\/product\/2155","targetHints":{"allow":["GET"]}}],"collection":[{"href":"https:\/\/artculture6.com\/index.php\/wp-json\/wp\/v2\/product"}],"about":[{"href":"https:\/\/artculture6.com\/index.php\/wp-json\/wp\/v2\/types\/product"}],"replies":[{"embeddable":true,"href":"https:\/\/artculture6.com\/index.php\/wp-json\/wp\/v2\/comments?post=2155"}],"wp:featuredmedia":[{"embeddable":true,"href":"https:\/\/artculture6.com\/index.php\/wp-json\/wp\/v2\/media\/2156"}],"wp:attachment":[{"href":"https:\/\/artculture6.com\/index.php\/wp-json\/wp\/v2\/media?parent=2155"}],"wp:term":[{"taxonomy":"product_brand","embeddable":true,"href":"https:\/\/artculture6.com\/index.php\/wp-json\/wp\/v2\/product_brand?post=2155"},{"taxonomy":"product_cat","embeddable":true,"href":"https:\/\/artculture6.com\/index.php\/wp-json\/wp\/v2\/product_cat?post=2155"},{"taxonomy":"product_tag","embeddable":true,"href":"https:\/\/artculture6.com\/index.php\/wp-json\/wp\/v2\/product_tag?post=2155"}],"curies":[{"name":"wp","href":"https:\/\/api.w.org\/{rel}","templated":true}]}}