{"id":2105,"date":"2026-04-14T12:07:12","date_gmt":"2026-04-14T10:07:12","guid":{"rendered":"https:\/\/artculture6.com\/?post_type=product&#038;p=2105"},"modified":"2026-04-14T12:07:12","modified_gmt":"2026-04-14T10:07:12","slug":"allemagne-cologne-koln-rhenanie-du-nord-westphalie-gravure-1880","status":"publish","type":"product","link":"https:\/\/artculture6.com\/index.php\/product\/allemagne-cologne-koln-rhenanie-du-nord-westphalie-gravure-1880\/","title":{"rendered":"Allemagne Cologne K\u00f6ln Rh\u00e9nanie-du-Nord-Westphalie gravure 1880"},"content":{"rendered":"<p><span style=\"font-size: x-large;\"><span style=\"font-family: Arial;\">R\u00e9f\u00e9rence\u00a0<\/span><\/span>5403-7-792L753-2<\/p>\n<div>\n<p data-start=\"238\" data-end=\"370\"><span style=\"font-size: x-large;\">Belle vue panoramique de la ville de Cologne (K\u00f6ln) au XIXe si\u00e8cle, domin\u00e9e par la silhouette majestueuse de la cath\u00e9drale gothique.<\/span><\/p>\n<p data-start=\"372\" data-end=\"632\"><span style=\"font-size: x-large;\">La sc\u00e8ne est anim\u00e9e par une activit\u00e9 fluviale dense sur le Rhin : embarcations, voiliers et premiers bateaux \u00e0 vapeur t\u00e9moignent de l\u2019importance \u00e9conomique du fleuve. Au premier plan, des figures apportent une dimension vivante et pittoresque \u00e0 la composition.<\/span><\/p>\n<p data-start=\"634\" data-end=\"918\"><span style=\"font-size: x-large;\">La cath\u00e9drale de Cologne, embl\u00e8me majeur de l\u2019architecture gothique en Europe, structure toute la perspective et affirme la puissance historique et religieuse de la ville. Le contraste entre architecture monumentale et vie quotidienne donne \u00e0 cette gravure toute sa richesse visuelle.<\/span><\/p>\n<p data-start=\"920\" data-end=\"1015\"><span style=\"font-size: x-large;\">Gravure fine, tr\u00e8s d\u00e9taill\u00e9e, offrant une belle profondeur et un excellent rendu atmosph\u00e9rique.<\/span><\/p>\n<p data-start=\"374\" data-end=\"505\"><span style=\"font-size: x-large;\"><span style=\"font-family: Arial;\">Format :<\/span>\u00a030,5 cm \u00d7 21,7 cm par 24,7 cm \u00d7 14,7 cm.<\/span><\/p>\n<\/div>\n","protected":false},"excerpt":{"rendered":"<p>Allemagne \u2013 Cologne (K\u00f6ln), Rh\u00e9nanie-du-Nord-Westphalie<br data-start=\"1121\" data-end=\"1124\" \/>\u00c9poque : XIXe si\u00e8cle<br data-start=\"1144\" data-end=\"1147\" \/>Dimensions feuille : 30,5 \u00d7 21,5 cm<br data-start=\"1182\" data-end=\"1185\" \/>Dimensions gravure : env. 24,5 \u00d7 14,7 cm<br data-start=\"1223\" data-end=\"1226\" \/>\u00c9tat : bon \u00e9tat g\u00e9n\u00e9ral<\/p>\n","protected":false},"featured_media":2106,"comment_status":"open","ping_status":"closed","template":"","meta":[],"product_brand":[],"product_cat":[208],"product_tag":[624,1419,1440,737,1439,1431,1003,1429,1432,1436,1433,1437,154,149,1430,1441,1084,1435,1416,1438,1417,1423,1434],"class_list":{"0":"post-2105","1":"product","2":"type-product","3":"status-publish","4":"has-post-thumbnail","6":"product_cat-allemagne","7":"product_tag-19th-century-engraving","8":"product_tag-allemagne-ancienne","9":"product_tag-allemagne-gravure","10":"product_tag-antique-print","11":"product_tag-architecture-ancienne","12":"product_tag-cathedral-cologne","13":"product_tag-collectible-print","14":"product_tag-cologne","15":"product_tag-cologne-cathedral","16":"product_tag-european-city","17":"product_tag-german-city","18":"product_tag-gothic-cathedral","19":"product_tag-gravure-ancienne","20":"product_tag-gravure-xixe","21":"product_tag-koln","22":"product_tag-koln-dom","23":"product_tag-old-print","24":"product_tag-paysage-urbain","25":"product_tag-rhin","26":"product_tag-rhine-landscape","27":"product_tag-rhine-river","28":"product_tag-steel-engraving","29":"product_tag-vue-de-cologne","31":"first","32":"instock","33":"shipping-taxable","34":"purchasable","35":"product-type-simple"},"_links":{"self":[{"href":"https:\/\/artculture6.com\/index.php\/wp-json\/wp\/v2\/product\/2105","targetHints":{"allow":["GET"]}}],"collection":[{"href":"https:\/\/artculture6.com\/index.php\/wp-json\/wp\/v2\/product"}],"about":[{"href":"https:\/\/artculture6.com\/index.php\/wp-json\/wp\/v2\/types\/product"}],"replies":[{"embeddable":true,"href":"https:\/\/artculture6.com\/index.php\/wp-json\/wp\/v2\/comments?post=2105"}],"wp:featuredmedia":[{"embeddable":true,"href":"https:\/\/artculture6.com\/index.php\/wp-json\/wp\/v2\/media\/2106"}],"wp:attachment":[{"href":"https:\/\/artculture6.com\/index.php\/wp-json\/wp\/v2\/media?parent=2105"}],"wp:term":[{"taxonomy":"product_brand","embeddable":true,"href":"https:\/\/artculture6.com\/index.php\/wp-json\/wp\/v2\/product_brand?post=2105"},{"taxonomy":"product_cat","embeddable":true,"href":"https:\/\/artculture6.com\/index.php\/wp-json\/wp\/v2\/product_cat?post=2105"},{"taxonomy":"product_tag","embeddable":true,"href":"https:\/\/artculture6.com\/index.php\/wp-json\/wp\/v2\/product_tag?post=2105"}],"curies":[{"name":"wp","href":"https:\/\/api.w.org\/{rel}","templated":true}]}}