{"id":2098,"date":"2026-04-14T11:34:18","date_gmt":"2026-04-14T09:34:18","guid":{"rendered":"https:\/\/artculture6.com\/?post_type=product&#038;p=2098"},"modified":"2026-04-14T11:34:18","modified_gmt":"2026-04-14T09:34:18","slug":"allemagne-rheinstein-chateau-sur-le-rhin-rhenanie-palatinat-gravure-1880","status":"publish","type":"product","link":"https:\/\/artculture6.com\/index.php\/product\/allemagne-rheinstein-chateau-sur-le-rhin-rhenanie-palatinat-gravure-1880\/","title":{"rendered":"Allemagne Rheinstein Ch\u00e2teau sur le Rhin Rh\u00e9nanie-Palatinat gravure 1880"},"content":{"rendered":"<p><span style=\"font-size: x-large;\"><span style=\"font-family: Arial;\">R\u00e9f\u00e9rence\u00a0<\/span>5403-6R792<\/span><\/p>\n<div>\n<p data-start=\"251\" data-end=\"368\"><span style=\"font-size: x-large;\">Superbe vue du ch\u00e2teau de Rheinstein dominant le Rhin, dans un paysage typique du romantisme allemand du XIXe si\u00e8cle.<\/span><\/p>\n<p data-start=\"370\" data-end=\"753\"><span style=\"font-size: x-large;\">La composition met en sc\u00e8ne le ch\u00e2teau perch\u00e9 sur un \u00e9peron rocheux escarp\u00e9, entour\u00e9 d\u2019une v\u00e9g\u00e9tation dense, surplombant le fleuve o\u00f9 circulent embarcations et premiers bateaux \u00e0 vapeur. Cette pr\u00e9sence discr\u00e8te de la modernit\u00e9 contraste avec l\u2019architecture m\u00e9di\u00e9vale id\u00e9alis\u00e9e, caract\u00e9ristique du go\u00fbt romantique pour les ruines, les forteresses et les paysages pittoresques du Rhin.<\/span><\/p>\n<p data-start=\"755\" data-end=\"933\"><span style=\"font-size: x-large;\">Le site de Rheinstein, situ\u00e9 dans la vall\u00e9e du Rhin, a \u00e9t\u00e9 largement diffus\u00e9 au XIXe si\u00e8cle comme symbole d\u2019un paysage historique et po\u00e9tique, tr\u00e8s pris\u00e9 des voyageurs europ\u00e9ens.<\/span><\/p>\n<p data-start=\"374\" data-end=\"505\"><span style=\"font-size: x-large;\">Gravure fine, au trait pr\u00e9cis et aux contrastes marqu\u00e9s, offrant une belle profondeur atmosph\u00e9rique entre premier plan sombre et ouverture lumineuse vers le fleuve.<\/span><\/p>\n<p data-start=\"374\" data-end=\"505\"><span style=\"font-size: x-large;\"><span style=\"font-family: Arial;\">Format :<\/span>\u00a030,5 cm \u00d7 22,5 cm par 22,5 cm \u00d7 14,7 cm.<\/span><\/p>\n<\/div>\n","protected":false},"excerpt":{"rendered":"<p>Allemagne \u2013 Rh\u00e9nanie-Palatinat<br data-start=\"96\" data-end=\"99\" data-is-only-node=\"\" \/>Sujet : Ch\u00e2teau de Rheinstein sur le Rhin<br data-start=\"140\" data-end=\"143\" \/>\u00c9poque : vers 1880<br data-start=\"161\" data-end=\"164\" \/>Dimensions feuille : 30,5 \u00d7 22,5 cm<br data-start=\"199\" data-end=\"202\" \/>Dimensions image : env. 24,7 \u00d7 22,5 cm<br data-start=\"240\" data-end=\"243\" \/>\u00c9tat : bon \u00e9tat g\u00e9n\u00e9ral, belle \u00e9preuve<\/p>\n","protected":false},"featured_media":2099,"comment_status":"open","ping_status":"closed","template":"","meta":[],"product_brand":[],"product_cat":[208,521],"product_tag":[624,1419,737,1426,1421,1420,1003,1365,1002,1427,1418,154,149,1084,1422,1415,1416,1425,1417,1191,1050,1111,1423,1428,1424],"class_list":{"0":"post-2098","1":"product","2":"type-product","3":"status-publish","4":"has-post-thumbnail","6":"product_cat-allemagne","7":"product_cat-gravures-xix-siecle","8":"product_tag-19th-century-engraving","9":"product_tag-allemagne-ancienne","10":"product_tag-antique-print","11":"product_tag-burg-rheinstein","12":"product_tag-castle-engraving","13":"product_tag-chateau-rhin","14":"product_tag-collectible-print","15":"product_tag-engraving-antique","16":"product_tag-european-landscape","17":"product_tag-german-castle","18":"product_tag-germany-landscape","19":"product_tag-gravure-ancienne","20":"product_tag-gravure-xixe","21":"product_tag-old-print","22":"product_tag-paysage-romantique","23":"product_tag-rheinstein","24":"product_tag-rhin","25":"product_tag-rhin-romantique","26":"product_tag-rhine-river","27":"product_tag-river-landscape","28":"product_tag-romantic-landscape","29":"product_tag-scenic-view","30":"product_tag-steel-engraving","31":"product_tag-travel-engraving","32":"product_tag-vue-dallemagne","34":"first","35":"instock","36":"shipping-taxable","37":"purchasable","38":"product-type-simple"},"_links":{"self":[{"href":"https:\/\/artculture6.com\/index.php\/wp-json\/wp\/v2\/product\/2098","targetHints":{"allow":["GET"]}}],"collection":[{"href":"https:\/\/artculture6.com\/index.php\/wp-json\/wp\/v2\/product"}],"about":[{"href":"https:\/\/artculture6.com\/index.php\/wp-json\/wp\/v2\/types\/product"}],"replies":[{"embeddable":true,"href":"https:\/\/artculture6.com\/index.php\/wp-json\/wp\/v2\/comments?post=2098"}],"wp:featuredmedia":[{"embeddable":true,"href":"https:\/\/artculture6.com\/index.php\/wp-json\/wp\/v2\/media\/2099"}],"wp:attachment":[{"href":"https:\/\/artculture6.com\/index.php\/wp-json\/wp\/v2\/media?parent=2098"}],"wp:term":[{"taxonomy":"product_brand","embeddable":true,"href":"https:\/\/artculture6.com\/index.php\/wp-json\/wp\/v2\/product_brand?post=2098"},{"taxonomy":"product_cat","embeddable":true,"href":"https:\/\/artculture6.com\/index.php\/wp-json\/wp\/v2\/product_cat?post=2098"},{"taxonomy":"product_tag","embeddable":true,"href":"https:\/\/artculture6.com\/index.php\/wp-json\/wp\/v2\/product_tag?post=2098"}],"curies":[{"name":"wp","href":"https:\/\/api.w.org\/{rel}","templated":true}]}}