{"id":2063,"date":"2026-04-12T15:36:00","date_gmt":"2026-04-12T13:36:00","guid":{"rendered":"https:\/\/artculture6.com\/?post_type=product&#038;p=2063"},"modified":"2026-04-12T15:36:00","modified_gmt":"2026-04-12T13:36:00","slug":"saint-etienne-de-tinee-lithographie-1864-alpes-maritimes-provence-france","status":"publish","type":"product","link":"https:\/\/artculture6.com\/index.php\/product\/saint-etienne-de-tinee-lithographie-1864-alpes-maritimes-provence-france\/","title":{"rendered":"Saint-\u00c9tienne-de-Tin\u00e9e lithographie 1864 Alpes-Maritimes Provence France"},"content":{"rendered":"<p style=\"font-weight: 400;\">R\u00e9f\u00e9rence\u00a0B3336R791<\/p>\n<p style=\"font-weight: 400;\" data-start=\"98\" data-end=\"289\">Je vous propose cette belle lithographie de 1864 repr\u00e9sentant\u00a0<span data-start=\"111\" data-end=\"137\">Saint-\u00c9tienne-de-Tin\u00e9e<\/span>, dans la vall\u00e9e de la Tin\u00e9e (Alpes-Maritimes), d\u2019apr\u00e8s\u00a0<span data-start=\"193\" data-end=\"210\">F\u00e9lix Benoist<\/span>, issue de la s\u00e9rie\u00a0<em data-start=\"230\" data-end=\"246\">Nice et Savoie<\/em>\u00a0publi\u00e9e vers 1864.<\/p>\n<p style=\"font-weight: 400;\" data-start=\"267\" data-end=\"627\">La sc\u00e8ne offre une vue paisible et structur\u00e9e du village, install\u00e9 au c\u0153ur d\u2019une vall\u00e9e ouverte. Le premier plan, anim\u00e9 par un chemin en pente, des figures et des constructions rurales, apporte profondeur et mouvement \u00e0 la composition. \u00c0 l\u2019arri\u00e8re-plan, le bourg s\u2019organise autour de son clocher \u00e9lanc\u00e9, encadr\u00e9 par les reliefs montagneux typiques de la Tin\u00e9e.<\/p>\n<p style=\"font-weight: 400;\" data-start=\"629\" data-end=\"778\">L\u2019ensemble t\u00e9moigne d\u2019une observation fine du territoire et d\u2019une mise en sc\u00e8ne pittoresque caract\u00e9ristique des grandes lithographies du XIXe si\u00e8cle.<\/p>\n<p style=\"font-weight: 400;\" data-start=\"658\" data-end=\"1048\">Dimensions de la feuille\u00a0:\u00a042\u00a0cm \u00d7 32\u00a0cm\u00a0\u00a0dimensions de la gravure seule :\u00a031,8\u00a0cm \u00d7\u00a023,7 cm.<\/p>\n","protected":false},"excerpt":{"rendered":"<p data-start=\"1346\" data-end=\"1481\">Vue ancienne de Saint-\u00c9tienne-de-Tin\u00e9e.<br data-start=\"1385\" data-end=\"1388\" \/>Lithographie XIXe d\u2019apr\u00e8s F\u00e9lix Benoist (<em data-start=\"1429\" data-end=\"1445\">Nice et Savoie<\/em>).<br data-start=\"1447\" data-end=\"1450\" \/>Paysage alpin fin et d\u00e9coratif.<\/p>\n","protected":false},"featured_media":2064,"comment_status":"open","ping_status":"closed","template":"","meta":[],"product_brand":[],"product_cat":[390,521,554],"product_tag":[998,1174,997,737,935,1326,834,1324,154,921,1327,819,822,1328,1336,1334,1335,1022],"class_list":{"0":"post-2063","1":"product","2":"type-product","3":"status-publish","4":"has-post-thumbnail","6":"product_cat-alpes-maritimes","7":"product_cat-gravures-xix-siecle","8":"product_cat-lithographie","9":"product_tag-19th-century-print","10":"product_tag-alpes-maritimes","11":"product_tag-antique-lithograph","12":"product_tag-antique-print","13":"product_tag-collection-gravure","14":"product_tag-decor-mural","15":"product_tag-felix-benoist","16":"product_tag-french-riviera-hinterland","17":"product_tag-gravure-ancienne","18":"product_tag-lithographie-xixe","19":"product_tag-montagne-france","20":"product_tag-nice-et-savoie","21":"product_tag-paysage-alpin","22":"product_tag-provence-alpes-cote-d-azur","23":"product_tag-saint-etienne-de-tinee","24":"product_tag-tinee","25":"product_tag-village-montagne","26":"product_tag-vintage-print","28":"first","29":"instock","30":"shipping-taxable","31":"purchasable","32":"product-type-simple"},"_links":{"self":[{"href":"https:\/\/artculture6.com\/index.php\/wp-json\/wp\/v2\/product\/2063","targetHints":{"allow":["GET"]}}],"collection":[{"href":"https:\/\/artculture6.com\/index.php\/wp-json\/wp\/v2\/product"}],"about":[{"href":"https:\/\/artculture6.com\/index.php\/wp-json\/wp\/v2\/types\/product"}],"replies":[{"embeddable":true,"href":"https:\/\/artculture6.com\/index.php\/wp-json\/wp\/v2\/comments?post=2063"}],"wp:featuredmedia":[{"embeddable":true,"href":"https:\/\/artculture6.com\/index.php\/wp-json\/wp\/v2\/media\/2064"}],"wp:attachment":[{"href":"https:\/\/artculture6.com\/index.php\/wp-json\/wp\/v2\/media?parent=2063"}],"wp:term":[{"taxonomy":"product_brand","embeddable":true,"href":"https:\/\/artculture6.com\/index.php\/wp-json\/wp\/v2\/product_brand?post=2063"},{"taxonomy":"product_cat","embeddable":true,"href":"https:\/\/artculture6.com\/index.php\/wp-json\/wp\/v2\/product_cat?post=2063"},{"taxonomy":"product_tag","embeddable":true,"href":"https:\/\/artculture6.com\/index.php\/wp-json\/wp\/v2\/product_tag?post=2063"}],"curies":[{"name":"wp","href":"https:\/\/api.w.org\/{rel}","templated":true}]}}