{"id":2006,"date":"2026-04-11T17:11:17","date_gmt":"2026-04-11T15:11:17","guid":{"rendered":"https:\/\/artculture6.com\/?post_type=product&#038;p=2006"},"modified":"2026-04-11T17:11:18","modified_gmt":"2026-04-11T15:11:18","slug":"troupeaux-sur-la-montagne-col-des-aravis-savoie-lithographie-1864-france-alpes","status":"publish","type":"product","link":"https:\/\/artculture6.com\/index.php\/product\/troupeaux-sur-la-montagne-col-des-aravis-savoie-lithographie-1864-france-alpes\/","title":{"rendered":"Troupeaux sur la Montagne Col des Aravis Savoie lithographie 1864 France Alpes"},"content":{"rendered":"<p style=\"font-weight: 400;\">R\u00e9f\u00e9rence\u00a0B3329R791<\/p>\n<p style=\"font-weight: 400;\" data-start=\"525\" data-end=\"676\">Je vous propose cette grande lithographie ancienne repr\u00e9sentant\u00a0une\u00a0<span data-start=\"490\" data-end=\"519\">sc\u00e8ne pastorale en Savoie\u00a0<\/span>vers 1864., intitul\u00e9e\u00a0<em data-start=\"531\" data-end=\"558\">Troupeaux sur la montagne<\/em>, situ\u00e9e au\u00a0<span data-start=\"570\" data-end=\"588\">col des Aravis<\/span>, sur la limite entre Savoie et Haute-Savoie.<\/p>\n<p style=\"font-weight: 400;\" data-start=\"635\" data-end=\"887\">Cette lithographie illustre avec finesse la vie alpine traditionnelle : troupeaux de bovins et ovins, bergers, architecture montagnarde et reliefs alpins en arri\u00e8re-plan.<\/p>\n<p style=\"font-weight: 400;\" data-start=\"889\" data-end=\"1076\">La composition est particuli\u00e8rement riche et anim\u00e9e, avec un premier plan d\u00e9taill\u00e9 et une profondeur de paysage ma\u00eetris\u00e9e, caract\u00e9ristique des grandes vues topographiques de cette \u00e9poque.<\/p>\n<p style=\"font-weight: 400;\" data-start=\"658\" data-end=\"1048\">L\u2019ensemble pr\u00e9sente un fort int\u00e9r\u00eat \u00e0 la fois documentaire et d\u00e9coratif.<\/p>\n<p style=\"font-weight: 400;\" data-start=\"658\" data-end=\"1048\">Dimensions de la feuille\u00a0:\u00a038,8 cm \u00d7 29,5 cm, dimensions de la gravure seule :\u00a028,2 cm \u00d7 21,5 cm.<\/p>\n","protected":false},"excerpt":{"rendered":"<p>Sc\u00e8ne pastorale au col des Aravis (Savoie), d\u2019apr\u00e8s F\u00e9lix Benoist.<br data-start=\"1837\" data-end=\"1840\" \/>Lithographie XIXe issue de <em data-start=\"1867\" data-end=\"1883\">Nice et Savoie<\/em>.<br data-start=\"1884\" data-end=\"1887\" \/>Tr\u00e8s d\u00e9coratif.<\/p>\n","protected":false},"featured_media":2007,"comment_status":"open","ping_status":"closed","template":"","meta":[],"product_brand":[],"product_cat":[521,554,458],"product_tag":[998,821,1299,737,1297,1294,988,834,1283,154,815,921,825,1158,822,816,826,1295,1296,1298],"class_list":{"0":"post-2006","1":"product","2":"type-product","3":"status-publish","4":"has-post-thumbnail","6":"product_cat-gravures-xix-siecle","7":"product_cat-lithographie","8":"product_cat-savoie","9":"product_tag-19th-century-print","10":"product_tag-alpes","11":"product_tag-alpine-life","12":"product_tag-antique-print","13":"product_tag-berger","14":"product_tag-col-des-aravis","15":"product_tag-deco-murale","16":"product_tag-felix-benoist","17":"product_tag-french-lithograph","18":"product_tag-gravure-ancienne","19":"product_tag-haute-savoie","20":"product_tag-lithographie-xixe","21":"product_tag-montagne","22":"product_tag-pastoral-scene","23":"product_tag-paysage-alpin","24":"product_tag-savoie","25":"product_tag-savoie-ancienne","26":"product_tag-scene-pastorale","27":"product_tag-troupeaux","28":"product_tag-vaches","30":"first","31":"instock","32":"shipping-taxable","33":"purchasable","34":"product-type-simple"},"_links":{"self":[{"href":"https:\/\/artculture6.com\/index.php\/wp-json\/wp\/v2\/product\/2006","targetHints":{"allow":["GET"]}}],"collection":[{"href":"https:\/\/artculture6.com\/index.php\/wp-json\/wp\/v2\/product"}],"about":[{"href":"https:\/\/artculture6.com\/index.php\/wp-json\/wp\/v2\/types\/product"}],"replies":[{"embeddable":true,"href":"https:\/\/artculture6.com\/index.php\/wp-json\/wp\/v2\/comments?post=2006"}],"wp:featuredmedia":[{"embeddable":true,"href":"https:\/\/artculture6.com\/index.php\/wp-json\/wp\/v2\/media\/2007"}],"wp:attachment":[{"href":"https:\/\/artculture6.com\/index.php\/wp-json\/wp\/v2\/media?parent=2006"}],"wp:term":[{"taxonomy":"product_brand","embeddable":true,"href":"https:\/\/artculture6.com\/index.php\/wp-json\/wp\/v2\/product_brand?post=2006"},{"taxonomy":"product_cat","embeddable":true,"href":"https:\/\/artculture6.com\/index.php\/wp-json\/wp\/v2\/product_cat?post=2006"},{"taxonomy":"product_tag","embeddable":true,"href":"https:\/\/artculture6.com\/index.php\/wp-json\/wp\/v2\/product_tag?post=2006"}],"curies":[{"name":"wp","href":"https:\/\/api.w.org\/{rel}","templated":true}]}}