{"id":1934,"date":"2026-04-09T07:44:32","date_gmt":"2026-04-09T05:44:32","guid":{"rendered":"https:\/\/artculture6.com\/?post_type=product&#038;p=1934"},"modified":"2026-04-09T07:44:32","modified_gmt":"2026-04-09T05:44:32","slug":"aiguebelle-savoie-antique-engraving-alpine-river-view-france-1864","status":"publish","type":"product","link":"https:\/\/artculture6.com\/index.php\/product\/aiguebelle-savoie-antique-engraving-alpine-river-view-france-1864\/","title":{"rendered":"Aiguebelle Savoie Antique Engraving Alpine River View France 1864"},"content":{"rendered":"<p style=\"font-weight: 400;\">R\u00e9f\u00e9rence\u00a0B3321R791<\/p>\n<p style=\"font-weight: 400;\" data-end=\"372\" data-start=\"311\">Je vous propose cette lithographie ancienne de 1864 repr\u00e9sentant\u00a0\u00a0Aiguebelle, ville historique de Savoie, dans les Alpes fran\u00e7aises.<\/p>\n<p style=\"font-weight: 400;\" data-end=\"372\" data-start=\"311\">Cette vue d&rsquo;une grande finesse, montre le village au bord d&rsquo;une rivi\u00e8re, avec un pont, les montagnes en arri\u00e8re-plan et des \u00e9l\u00e9ments architecturaux discrets, typiques des villages alpins. La composition allie paysage naturel et activit\u00e9 humaine, cr\u00e9ant une sc\u00e8ne harmonieuse et empreinte d&rsquo;atmosph\u00e8re.<\/p>\n<p style=\"font-weight: 400;\" data-end=\"372\" data-start=\"311\">La feuille fait : 47,5 cm \u00d7 31,8 cm.<\/p>\n<p style=\"font-weight: 400;\" data-end=\"372\" data-start=\"311\">Dimensions de la gravure seule : 30 \u00d7 21,2 cm<\/p>\n<p style=\"font-weight: 400;\" data-end=\"372\" data-start=\"311\">Un paysage alpin d\u00e9coratif, id\u00e9al pour les collectionneurs de gravures r\u00e9gionales fran\u00e7aises et de vues de montagne.<\/p>\n","protected":false},"excerpt":{"rendered":"<p>Antique engraving of Aiguebelle, Alpine river view, Savoie France.<\/p>\n","protected":false},"featured_media":1935,"comment_status":"open","ping_status":"closed","template":"","meta":[],"product_brand":[],"product_cat":[549,521,554,458],"product_tag":[998,1227,1228,1079,648,737,1003,1224,1002,1223,1005,1210,1226,1229,1152,1084,1220,1142,1225,628],"class_list":{"0":"post-1934","1":"product","2":"type-product","3":"status-publish","4":"has-post-thumbnail","6":"product_cat-gravures-par-siecles","7":"product_cat-gravures-xix-siecle","8":"product_cat-lithographie","9":"product_cat-savoie","10":"product_tag-19th-century-print","11":"product_tag-aiguebelle","12":"product_tag-alpine-river","13":"product_tag-alpine-view","14":"product_tag-antique-engraving","15":"product_tag-antique-print","16":"product_tag-collectible-print","17":"product_tag-decorative-print","18":"product_tag-european-landscape","19":"product_tag-france-scenery","20":"product_tag-french-countryside","21":"product_tag-french-engraving","22":"product_tag-historical-engraving","23":"product_tag-mountain-art","24":"product_tag-mountain-landscape","25":"product_tag-old-print","26":"product_tag-river-scene","27":"product_tag-savoie-france","28":"product_tag-savoy-region","29":"product_tag-vintage-engraving","31":"first","32":"instock","33":"shipping-taxable","34":"purchasable","35":"product-type-simple"},"_links":{"self":[{"href":"https:\/\/artculture6.com\/index.php\/wp-json\/wp\/v2\/product\/1934","targetHints":{"allow":["GET"]}}],"collection":[{"href":"https:\/\/artculture6.com\/index.php\/wp-json\/wp\/v2\/product"}],"about":[{"href":"https:\/\/artculture6.com\/index.php\/wp-json\/wp\/v2\/types\/product"}],"replies":[{"embeddable":true,"href":"https:\/\/artculture6.com\/index.php\/wp-json\/wp\/v2\/comments?post=1934"}],"wp:featuredmedia":[{"embeddable":true,"href":"https:\/\/artculture6.com\/index.php\/wp-json\/wp\/v2\/media\/1935"}],"wp:attachment":[{"href":"https:\/\/artculture6.com\/index.php\/wp-json\/wp\/v2\/media?parent=1934"}],"wp:term":[{"taxonomy":"product_brand","embeddable":true,"href":"https:\/\/artculture6.com\/index.php\/wp-json\/wp\/v2\/product_brand?post=1934"},{"taxonomy":"product_cat","embeddable":true,"href":"https:\/\/artculture6.com\/index.php\/wp-json\/wp\/v2\/product_cat?post=1934"},{"taxonomy":"product_tag","embeddable":true,"href":"https:\/\/artculture6.com\/index.php\/wp-json\/wp\/v2\/product_tag?post=1934"}],"curies":[{"name":"wp","href":"https:\/\/api.w.org\/{rel}","templated":true}]}}