{"id":1867,"date":"2026-04-04T09:00:15","date_gmt":"2026-04-04T07:00:15","guid":{"rendered":"https:\/\/artculture6.com\/?post_type=product&#038;p=1867"},"modified":"2026-04-04T09:00:15","modified_gmt":"2026-04-04T07:00:15","slug":"chatillon-lake-bourget-antique-lithograph-1864-felix-benoist-savoy-savoie","status":"publish","type":"product","link":"https:\/\/artculture6.com\/index.php\/product\/chatillon-lake-bourget-antique-lithograph-1864-felix-benoist-savoy-savoie\/","title":{"rendered":"CHATILLON &#038; LAKE BOURGET Antique Lithograph 1864 F\u00e9lix Benoist Savoy Savoie"},"content":{"rendered":"<p style=\"font-weight: 400;\">R\u00e9f\u00e9rence\u00a05401-18R789<\/p>\n<p style=\"font-weight: 400;\" data-end=\"372\" data-start=\"311\">Je vous propose cette lithographie originale du XIXe si\u00e8cle qui repr\u00e9sente Ch\u00e2tillon et le lac du Bourget, le plus grand lac naturel de France, situ\u00e9 en Savoie, dans les Alpes fran\u00e7aises.Publi\u00e9e vers 1864 par F\u00e9lix Benoist.<\/p>\n<p style=\"font-weight: 400;\" data-end=\"372\" data-start=\"311\">La composition est particuli\u00e8rement \u00e9l\u00e9gante et \u00e9quilibr\u00e9e : au premier plan, deux arbres \u00e9lanc\u00e9s encadrent une sc\u00e8ne lacustre paisible, anim\u00e9e par des personnages qui lui conf\u00e8rent vie et \u00e9chelle. Les eaux calmes du lac du Bourget s\u2019\u00e9tendent \u00e0 perte de vue, bord\u00e9es de reliefs montagneux et d\u2019une douce perspective atmosph\u00e9rique.<\/p>\n<p style=\"font-weight: 400;\" data-end=\"372\" data-start=\"311\">\u00c0 gauche, le village de Ch\u00e2tillon se dresse au-dessus du lac, ses \u00e9l\u00e9ments architecturaux \u00e9tant finement rendus. La sc\u00e8ne allie la s\u00e9r\u00e9nit\u00e9 de la nature \u00e0 la pr\u00e9sence humaine, une caract\u00e9ristique du style topographique raffin\u00e9 de Benoist.<\/p>\n<p style=\"font-weight: 400;\" data-end=\"372\" data-start=\"311\">Imprim\u00e9e sur un papier v\u00e9lin, la lithographie pr\u00e9sente de subtiles gradations de tons et de l\u00e9g\u00e8res touches de couleur \u00e0 la main, qui rehaussent son attrait d\u00e9coratif. La feuille fait : 47,7 cm \u00d7 31,5 cm, La gravure seule fait : 31,7 \u00d7 22,2 cm<\/p>\n<p style=\"font-weight: 400;\" data-end=\"372\" data-start=\"311\">Une pi\u00e8ce tr\u00e8s d\u00e9corative et de collection, id\u00e9ale pour les collectionneurs de vues de lacs fran\u00e7ais, de paysages alpins et d&rsquo;estampes du XIXe si\u00e8cle.<\/p>\n","protected":false},"excerpt":{"rendered":"<p data-start=\"1653\" data-end=\"1744\"><strong data-start=\"1653\" data-end=\"1742\">Antique 1864 lithograph of Ch\u00e2tillon &amp; Lake Bourget (Savoy, France) by F\u00e9lix Benoist.<\/strong><\/p>\n<p data-start=\"1746\" data-end=\"1806\">Elegant lakeside scene with figures and mountain backdrop.<\/p>\n<p data-start=\"1808\" data-end=\"1908\"><strong data-start=\"1808\" data-end=\"1818\">Sheet:<\/strong> 47.7 \u00d7 31.5 cm \u2013 <strong data-start=\"1836\" data-end=\"1846\">Image:<\/strong> 31.7 \u00d7 22.2 cm<br data-start=\"1861\" data-end=\"1864\" \/>Printed on <strong data-start=\"1875\" data-end=\"1891\">papier v\u00e9lin<\/strong>. Good condition.<\/p>\n","protected":false},"featured_media":1868,"comment_status":"open","ping_status":"closed","template":"","meta":[],"product_brand":[],"product_cat":[521,554,458],"product_tag":[1168,998,1146,737,1186,1003,834,984,1185,1189,1187,1188,819,1025,1155],"class_list":{"0":"post-1867","1":"product","2":"type-product","3":"status-publish","4":"has-post-thumbnail","6":"product_cat-gravures-xix-siecle","7":"product_cat-lithographie","8":"product_cat-savoie","9":"product_tag-1864-lithograph","10":"product_tag-19th-century-print","11":"product_tag-alps-lithograph","12":"product_tag-antique-print","13":"product_tag-chatillon-savoie","14":"product_tag-collectible-print","15":"product_tag-felix-benoist","16":"product_tag-french-alps","17":"product_tag-lake-bourget","18":"product_tag-lake-decor","19":"product_tag-lake-view","20":"product_tag-landscape-print","21":"product_tag-nice-et-savoie","22":"product_tag-savoy-france","23":"product_tag-vintage-wall-art","25":"first","26":"instock","27":"shipping-taxable","28":"purchasable","29":"product-type-simple"},"_links":{"self":[{"href":"https:\/\/artculture6.com\/index.php\/wp-json\/wp\/v2\/product\/1867","targetHints":{"allow":["GET"]}}],"collection":[{"href":"https:\/\/artculture6.com\/index.php\/wp-json\/wp\/v2\/product"}],"about":[{"href":"https:\/\/artculture6.com\/index.php\/wp-json\/wp\/v2\/types\/product"}],"replies":[{"embeddable":true,"href":"https:\/\/artculture6.com\/index.php\/wp-json\/wp\/v2\/comments?post=1867"}],"wp:featuredmedia":[{"embeddable":true,"href":"https:\/\/artculture6.com\/index.php\/wp-json\/wp\/v2\/media\/1868"}],"wp:attachment":[{"href":"https:\/\/artculture6.com\/index.php\/wp-json\/wp\/v2\/media?parent=1867"}],"wp:term":[{"taxonomy":"product_brand","embeddable":true,"href":"https:\/\/artculture6.com\/index.php\/wp-json\/wp\/v2\/product_brand?post=1867"},{"taxonomy":"product_cat","embeddable":true,"href":"https:\/\/artculture6.com\/index.php\/wp-json\/wp\/v2\/product_cat?post=1867"},{"taxonomy":"product_tag","embeddable":true,"href":"https:\/\/artculture6.com\/index.php\/wp-json\/wp\/v2\/product_tag?post=1867"}],"curies":[{"name":"wp","href":"https:\/\/api.w.org\/{rel}","templated":true}]}}