{"id":1854,"date":"2026-04-02T18:58:14","date_gmt":"2026-04-02T16:58:14","guid":{"rendered":"https:\/\/artculture6.com\/?post_type=product&#038;p=1854"},"modified":"2026-04-02T18:58:14","modified_gmt":"2026-04-02T16:58:14","slug":"villefranche-sur-mer-french-riviera-antique-print-c-1940-sepia-coastal-village-provence-france","status":"publish","type":"product","link":"https:\/\/artculture6.com\/index.php\/product\/villefranche-sur-mer-french-riviera-antique-print-c-1940-sepia-coastal-village-provence-france\/","title":{"rendered":"Villefranche-sur-Mer French Riviera Antique Print c.1940 Sepia Coastal Village Provence France"},"content":{"rendered":"<p>B3314R626L95-31<\/p>\n<p>Cette estampe originale du milieu du XXe si\u00e8cle repr\u00e9sente une charmante vue m\u00e9diterran\u00e9enne de Villefranche-sur-Mer, sur la C\u00f4te d&rsquo;Azur, en Provence.<\/p>\n<p>Ex\u00e9cut\u00e9e dans une chaude tonalit\u00e9 s\u00e9pia, la composition capture l&rsquo;atmosph\u00e8re intemporelle de ce village c\u00f4tier, avec ses toits en terrasses, ses cypr\u00e8s et sa baie paisible qui s&rsquo;\u00e9tend \u00e0 perte de vue. Le point de vue sur\u00e9lev\u00e9 accentue la profondeur et la perspective, offrant un paysage serein et \u00e9quilibr\u00e9, typique de l&rsquo;iconographie proven\u00e7ale.<\/p>\n<p>La technique artistique combine un trait d\u00e9licat \u00e0 des lavis, cr\u00e9ant un effet doux, presque pictural. Ce type d&rsquo;estampe \u00e9tait populaire au d\u00e9but du XXe si\u00e8cle, m\u00ealant la topographie documentaire \u00e0 un attrait d\u00e9coratif.<\/p>\n<p>La sc\u00e8ne refl\u00e8te le charme intemporel de la C\u00f4te d&rsquo;Azur, longtemps c\u00e9l\u00e9br\u00e9e par les artistes pour sa lumi\u00e8re, son architecture et son cadre naturel.<\/p>\n<p>Imprim\u00e9e sur un papier de qualit\u00e9, cette estampe conserve toute sa valeur d\u00e9corative et se pr\u00eate parfaitement \u00e0 l&rsquo;encadrement.<\/p>\n<p>Dimensions :<\/p>\n<p>Feuille : 31,5 \u00d7 24 cm<\/p>\n<p>Image : 22,5 \u00d7 18 cm<\/p>\n<p>\u00c9tat : Bon \u00e9tat, l\u00e9g\u00e8res traces d&rsquo;usure dues \u00e0 l&rsquo;\u00e2ge.<\/p>\n<p>Une \u0153uvre raffin\u00e9e et empreinte d&rsquo;atmosph\u00e8re, id\u00e9ale pour les collectionneurs de vues de la C\u00f4te d&rsquo;Azur, de paysages proven\u00e7aux et d&rsquo;estampes d\u00e9coratives anciennes.<\/p>\n","protected":false},"excerpt":{"rendered":"<p data-start=\"1751\" data-end=\"1826\"><strong data-start=\"1751\" data-end=\"1824\">Vintage sepia print of Villefranche-sur-Mer (French Riviera), c.1940.<\/strong><\/p>\n<p data-start=\"1828\" data-end=\"1893\">Beautiful Mediterranean village view with warm tonal rendering.<\/p>\n<p data-start=\"1895\" data-end=\"1962\"><strong data-start=\"1895\" data-end=\"1905\">Sheet:<\/strong> 31.5 \u00d7 24 cm \u2013 <strong data-start=\"1921\" data-end=\"1931\">Image:<\/strong> 22.5 \u00d7 18 cm<br data-start=\"1944\" data-end=\"1947\" \/>Good condition.<\/p>\n","protected":false},"featured_media":1855,"comment_status":"open","ping_status":"closed","template":"","meta":[],"product_brand":[],"product_cat":[344],"product_tag":[1178,1174,1176,1003,1083,1173,1177,22,1179,1180,1175,1181,1172,1022,1098],"class_list":{"0":"post-1854","1":"product","2":"type-product","3":"status-publish","4":"has-post-thumbnail","6":"product_cat-fleurs-flore-vegetaux","7":"product_tag-1940s-print","8":"product_tag-alpes-maritimes","9":"product_tag-coastal-village","10":"product_tag-collectible-print","11":"product_tag-french-landscape","12":"product_tag-french-riviera","13":"product_tag-mediterranean-view","14":"product_tag-provence","15":"product_tag-riviera-art","16":"product_tag-seaside-town","17":"product_tag-sepia-print","18":"product_tag-south-of-france","19":"product_tag-villefranche-sur-mer","20":"product_tag-vintage-print","21":"product_tag-wall-decor-vintage","23":"first","24":"instock","25":"shipping-taxable","26":"purchasable","27":"product-type-simple"},"_links":{"self":[{"href":"https:\/\/artculture6.com\/index.php\/wp-json\/wp\/v2\/product\/1854","targetHints":{"allow":["GET"]}}],"collection":[{"href":"https:\/\/artculture6.com\/index.php\/wp-json\/wp\/v2\/product"}],"about":[{"href":"https:\/\/artculture6.com\/index.php\/wp-json\/wp\/v2\/types\/product"}],"replies":[{"embeddable":true,"href":"https:\/\/artculture6.com\/index.php\/wp-json\/wp\/v2\/comments?post=1854"}],"wp:featuredmedia":[{"embeddable":true,"href":"https:\/\/artculture6.com\/index.php\/wp-json\/wp\/v2\/media\/1855"}],"wp:attachment":[{"href":"https:\/\/artculture6.com\/index.php\/wp-json\/wp\/v2\/media?parent=1854"}],"wp:term":[{"taxonomy":"product_brand","embeddable":true,"href":"https:\/\/artculture6.com\/index.php\/wp-json\/wp\/v2\/product_brand?post=1854"},{"taxonomy":"product_cat","embeddable":true,"href":"https:\/\/artculture6.com\/index.php\/wp-json\/wp\/v2\/product_cat?post=1854"},{"taxonomy":"product_tag","embeddable":true,"href":"https:\/\/artculture6.com\/index.php\/wp-json\/wp\/v2\/product_tag?post=1854"}],"curies":[{"name":"wp","href":"https:\/\/api.w.org\/{rel}","templated":true}]}}