{"id":1835,"date":"2026-04-02T13:42:30","date_gmt":"2026-04-02T11:42:30","guid":{"rendered":"https:\/\/artculture6.com\/?post_type=product&#038;p=1835"},"modified":"2026-04-02T13:42:30","modified_gmt":"2026-04-02T11:42:30","slug":"chateau-de-miollans-savoie-antique-lithograph-1864-felix-benoist-french-alps","status":"publish","type":"product","link":"https:\/\/artculture6.com\/index.php\/product\/chateau-de-miollans-savoie-antique-lithograph-1864-felix-benoist-french-alps\/","title":{"rendered":"CHATEAU DE MIOLLANS Savoie Antique Lithograph 1864 F\u00e9lix Benoist French Alps"},"content":{"rendered":"<p style=\"font-weight: 400;\">R\u00e9f\u00e9rence\u00a05401-13R789<\/p>\n<p style=\"font-weight: 400;\" data-end=\"372\" data-start=\"311\">Je vous propose cette lithographie originale du XIXe si\u00e8cle qui repr\u00e9sente\u00a0le ch\u00e2teau de Miolans, pr\u00e8s de Saint-Pierre-d&rsquo;Albigny en Savoie. Publi\u00e9e vers 1864 par F\u00e9lix Benoist. Le ch\u00e2teau y est pr\u00e9sent\u00e9 de fa\u00e7on spectaculaire, perch\u00e9 sur un promontoire rocheux dominant une vaste vall\u00e9e alpine. Un chemin sinueux guide le regard vers l&rsquo;\u00e9difice fortifi\u00e9, tandis que le paysage s&rsquo;\u00e9tend \u00e0 ses pieds, entre m\u00e9andres de rivi\u00e8re, plaines cultiv\u00e9es et cha\u00eenes de montagnes lointaines. Ce point de vue \u00e9lev\u00e9 souligne \u00e0 la fois la position strat\u00e9gique de la forteresse et la grandeur du terrain environnant.<\/p>\n<p style=\"font-weight: 400;\" data-end=\"372\" data-start=\"311\">L&rsquo;\u0153uvre de Benoist est reconnue pour son alliance de pr\u00e9cision topographique et de composition romantique. Cette lithographie illustre parfaitement cet \u00e9quilibre, offrant \u00e0 la fois une repr\u00e9sentation historique du site et une sc\u00e8ne alpine d&rsquo;une grande richesse d\u00e9corative. R\u00e9alis\u00e9e peu apr\u00e8s l&rsquo;annexion de la Savoie \u00e0 la France (1860), elle constitue un t\u00e9moignage visuel important de la r\u00e9gion.<\/p>\n<p style=\"font-weight: 400;\" data-end=\"372\" data-start=\"311\">Imprim\u00e9e sur papier v\u00e9lin fin, cette lithographie pr\u00e9sente des d\u00e9grad\u00e9s de tons raffin\u00e9s et une d\u00e9licate coloration appliqu\u00e9e \u00e0 la main, accentuant la profondeur et la perspective atmosph\u00e9rique du paysage montagneux.<\/p>\n<p style=\"font-weight: 400;\" data-end=\"372\" data-start=\"311\">La feuille fait : 47,5 cm \u00d7 32,5 cm, la gravure seule fait : 30,3 \u00d7 23 cm<\/p>\n<p style=\"font-weight: 400;\" data-end=\"372\" data-start=\"311\">Pi\u00e8ce de collection tr\u00e8s d\u00e9corative, id\u00e9ale pour les collectionneurs d\u2019estampes du XIXe si\u00e8cle, de ch\u00e2teaux et de paysages alpins.<\/p>\n","protected":false},"excerpt":{"rendered":"<p data-start=\"1836\" data-end=\"1970\"><strong data-start=\"1836\" data-end=\"1968\">Antique 1864 lithograph of Ch\u00e2teau de Miolans (Savoie, French Alps) by F\u00e9lix Benoist. Printed on fine wove paper (papier v\u00e9lin).<\/strong><\/p>\n<p data-start=\"1972\" data-end=\"2040\">Spectacular mountain castle view overlooking a wide alpine valley.<\/p>\n<p data-start=\"2042\" data-end=\"2131\"><strong data-start=\"2042\" data-end=\"2052\">Sheet:<\/strong> 47.5 \u00d7 32.5 cm \u2013 <strong data-start=\"2070\" data-end=\"2080\">Image:<\/strong> 30.3 \u00d7 23 cm<br data-start=\"2093\" data-end=\"2096\" \/>Good condition with light age wear.<\/p>\n","protected":false},"featured_media":1836,"comment_status":"open","ping_status":"closed","template":"","meta":[],"product_brand":[],"product_cat":[521,554,458],"product_tag":[998,1164,1146,737,1163,1162,1003,834,1165,609,984,1152,819,816,1155],"class_list":{"0":"post-1835","1":"product","2":"type-product","3":"status-publish","4":"has-post-thumbnail","6":"product_cat-gravures-xix-siecle","7":"product_cat-lithographie","8":"product_cat-savoie","9":"product_tag-19th-century-print","10":"product_tag-alpine-valley","11":"product_tag-alps-lithograph","12":"product_tag-antique-print","13":"product_tag-castle-view","14":"product_tag-chateau-de-miolans","15":"product_tag-collectible-print","16":"product_tag-felix-benoist","17":"product_tag-fortress","18":"product_tag-france-engraving","19":"product_tag-french-alps","20":"product_tag-mountain-landscape","21":"product_tag-nice-et-savoie","22":"product_tag-savoie","23":"product_tag-vintage-wall-art","25":"first","26":"instock","27":"shipping-taxable","28":"purchasable","29":"product-type-simple"},"_links":{"self":[{"href":"https:\/\/artculture6.com\/index.php\/wp-json\/wp\/v2\/product\/1835","targetHints":{"allow":["GET"]}}],"collection":[{"href":"https:\/\/artculture6.com\/index.php\/wp-json\/wp\/v2\/product"}],"about":[{"href":"https:\/\/artculture6.com\/index.php\/wp-json\/wp\/v2\/types\/product"}],"replies":[{"embeddable":true,"href":"https:\/\/artculture6.com\/index.php\/wp-json\/wp\/v2\/comments?post=1835"}],"wp:featuredmedia":[{"embeddable":true,"href":"https:\/\/artculture6.com\/index.php\/wp-json\/wp\/v2\/media\/1836"}],"wp:attachment":[{"href":"https:\/\/artculture6.com\/index.php\/wp-json\/wp\/v2\/media?parent=1835"}],"wp:term":[{"taxonomy":"product_brand","embeddable":true,"href":"https:\/\/artculture6.com\/index.php\/wp-json\/wp\/v2\/product_brand?post=1835"},{"taxonomy":"product_cat","embeddable":true,"href":"https:\/\/artculture6.com\/index.php\/wp-json\/wp\/v2\/product_cat?post=1835"},{"taxonomy":"product_tag","embeddable":true,"href":"https:\/\/artculture6.com\/index.php\/wp-json\/wp\/v2\/product_tag?post=1835"}],"curies":[{"name":"wp","href":"https:\/\/api.w.org\/{rel}","templated":true}]}}