{"id":1805,"date":"2026-04-02T11:26:49","date_gmt":"2026-04-02T09:26:49","guid":{"rendered":"https:\/\/artculture6.com\/?post_type=product&#038;p=1805"},"modified":"2026-04-02T11:26:49","modified_gmt":"2026-04-02T09:26:49","slug":"moutiers-savoie-antique-lithograph-1864-felix-benoist-french-alps-river-town","status":"publish","type":"product","link":"https:\/\/artculture6.com\/index.php\/product\/moutiers-savoie-antique-lithograph-1864-felix-benoist-french-alps-river-town\/","title":{"rendered":"MOUTIERS Savoie Antique Lithograph 1864 F\u00e9lix Benoist French Alps River Town"},"content":{"rendered":"<p style=\"font-weight: 400;\">R\u00e9f\u00e9rence\u00a05401-8R789<\/p>\n<p style=\"font-weight: 400;\" data-end=\"372\" data-start=\"311\">Cette rare lithographie du XIXe si\u00e8cle repr\u00e9sente Mo\u00fbtiers, ville historique de Savoie, dans les Alpes fran\u00e7aises. Publi\u00e9e vers 1864 par F\u00e9lix Benoist, elle offre une vue d&rsquo;ensemble de la ville nich\u00e9e au c\u0153ur d&rsquo;une vall\u00e9e alpine spectaculaire, structur\u00e9e autour de la rivi\u00e8re qui la traverse. La sc\u00e8ne allie la pr\u00e9cision architecturale, clochers, ponts, maisons group\u00e9es \u00e0 la vie rurale anim\u00e9e au premier plan.<\/p>\n<p style=\"font-weight: 400;\" data-end=\"372\" data-start=\"311\">Cette lithographie conserve un contraste tonal marqu\u00e9 et une d\u00e9licate coloration appliqu\u00e9e \u00e0 la main, typiques de la production fran\u00e7aise du milieu du XIXe si\u00e8cle.<\/p>\n<p style=\"font-weight: 400;\" data-end=\"372\" data-start=\"311\">La feuille fait : 47,7 \u00d7 32,8 cm la gravure seule fait : 31,5 \u00d7 22,7 cm<\/p>\n","protected":false},"excerpt":{"rendered":"<p data-start=\"1545\" data-end=\"1626\"><strong data-start=\"1545\" data-end=\"1624\">Antique 1864 lithograph of Mo\u00fbtiers (Savoie, French Alps) by F\u00e9lix Benoist.<\/strong><\/p>\n<p data-start=\"1628\" data-end=\"1698\">Detailed panoramic river town view from the <em data-start=\"1672\" data-end=\"1688\">Nice et Savoie<\/em> series.<\/p>\n<p data-start=\"1700\" data-end=\"1791\"><strong data-start=\"1700\" data-end=\"1710\">Sheet:<\/strong> 47.7 \u00d7 32.8 cm \u2013 <strong data-start=\"1728\" data-end=\"1738\">Image:<\/strong> 31.5 \u00d7 22.7 cm<br data-start=\"1753\" data-end=\"1756\" \/>Good condition with light age wear.<\/p>\n","protected":false},"featured_media":1806,"comment_status":"open","ping_status":"closed","template":"","meta":[],"product_brand":[],"product_cat":[521,554,458],"product_tag":[998,999,1146,737,1149,1003,834,609,984,1148,1145,819,1147,816,1150],"class_list":{"0":"post-1805","1":"product","2":"type-product","3":"status-publish","4":"has-post-thumbnail","6":"product_cat-gravures-xix-siecle","7":"product_cat-lithographie","8":"product_cat-savoie","9":"product_tag-19th-century-print","10":"product_tag-alpine-landscape","11":"product_tag-alps-lithograph","12":"product_tag-antique-print","13":"product_tag-architectural-view","14":"product_tag-collectible-print","15":"product_tag-felix-benoist","16":"product_tag-france-engraving","17":"product_tag-french-alps","18":"product_tag-mountain-town","19":"product_tag-moutiers","20":"product_tag-nice-et-savoie","21":"product_tag-river-view","22":"product_tag-savoie","23":"product_tag-wall-art-vintage","25":"first","26":"instock","27":"shipping-taxable","28":"purchasable","29":"product-type-simple"},"_links":{"self":[{"href":"https:\/\/artculture6.com\/index.php\/wp-json\/wp\/v2\/product\/1805","targetHints":{"allow":["GET"]}}],"collection":[{"href":"https:\/\/artculture6.com\/index.php\/wp-json\/wp\/v2\/product"}],"about":[{"href":"https:\/\/artculture6.com\/index.php\/wp-json\/wp\/v2\/types\/product"}],"replies":[{"embeddable":true,"href":"https:\/\/artculture6.com\/index.php\/wp-json\/wp\/v2\/comments?post=1805"}],"wp:featuredmedia":[{"embeddable":true,"href":"https:\/\/artculture6.com\/index.php\/wp-json\/wp\/v2\/media\/1806"}],"wp:attachment":[{"href":"https:\/\/artculture6.com\/index.php\/wp-json\/wp\/v2\/media?parent=1805"}],"wp:term":[{"taxonomy":"product_brand","embeddable":true,"href":"https:\/\/artculture6.com\/index.php\/wp-json\/wp\/v2\/product_brand?post=1805"},{"taxonomy":"product_cat","embeddable":true,"href":"https:\/\/artculture6.com\/index.php\/wp-json\/wp\/v2\/product_cat?post=1805"},{"taxonomy":"product_tag","embeddable":true,"href":"https:\/\/artculture6.com\/index.php\/wp-json\/wp\/v2\/product_tag?post=1805"}],"curies":[{"name":"wp","href":"https:\/\/api.w.org\/{rel}","templated":true}]}}