{"id":1638,"date":"2026-03-24T19:14:08","date_gmt":"2026-03-24T18:14:08","guid":{"rendered":"https:\/\/artculture6.com\/?post_type=product&#038;p=1638"},"modified":"2026-03-24T19:14:08","modified_gmt":"2026-03-24T18:14:08","slug":"faverges-haute-savoie-1860-lithograph-felix-benoist-alps-antique-print","status":"publish","type":"product","link":"https:\/\/artculture6.com\/index.php\/product\/faverges-haute-savoie-1860-lithograph-felix-benoist-alps-antique-print\/","title":{"rendered":"Faverges Haute Savoie 1860 Lithograph Felix Benoist Alps Antique Print"},"content":{"rendered":"<p style=\"font-weight: 400;\">R\u00e9f\u00e9rence\u00a05400-26R789<\/p>\n<p style=\"font-weight: 400;\" data-start=\"598\" data-end=\"772\">Je vous propose cette belle lithographie ancienne du XIXe si\u00e8cle repr\u00e9sentant\u00a0<span data-start=\"676\" data-end=\"688\">Faverges<\/span>, en Haute-Savoie, r\u00e9alis\u00e9e vers 1860 d\u2019apr\u00e8s\u00a0F\u00e9lix Benoist.<\/p>\n<p style=\"font-weight: 400;\" data-start=\"956\" data-end=\"1210\">La sc\u00e8ne offre une\u00a0<span data-start=\"975\" data-end=\"1006\">vue panoramique de Faverges<\/span>, domin\u00e9e par son ch\u00e2teau et encadr\u00e9e par un paysage alpin remarquable. On y observe \u00e9galement la vie locale avec personnages et attelages, donnant \u00e0 l\u2019ensemble un grand int\u00e9r\u00eat documentaire et d\u00e9coratif.<\/p>\n<p style=\"font-weight: 400;\" data-start=\"1212\" data-end=\"1291\">L\u2019\u00e9preuve est imprim\u00e9e sur papier ancien avec marges, dans un bel \u00e9tat g\u00e9n\u00e9ral.<\/p>\n<p data-start=\"1244\" data-end=\"1356\">Dimensions :<\/p>\n<p data-start=\"1358\" data-end=\"1424\">Feuille : 47,7 cm \u00d7 31,8 cm<br data-start=\"1397\" data-end=\"1400\" \/>La gravure seule fait: 32,2 \u00d7 22 cm<\/p>\n<p data-start=\"1426\" data-end=\"1547\">Une pi\u00e8ce de choix pour collectionneurs, amateurs de paysages alpins ou d\u00e9coration int\u00e9rieure de style montagne et chalet.<\/p>\n","protected":false},"excerpt":{"rendered":"<p>faverges, savoie, alpes, lithographie, benoit, paysage, france, estampe-ancienne<\/p>\n","protected":false},"featured_media":1639,"comment_status":"open","ping_status":"closed","template":"","meta":[],"product_brand":[],"product_cat":[521,459,554],"product_tag":[821,988,148,983,834,987,984,149,815,985,817,972,822,976,816,986],"class_list":{"0":"post-1638","1":"product","2":"type-product","3":"status-publish","4":"has-post-thumbnail","6":"product_cat-gravures-xix-siecle","7":"product_cat-haute-savoie","8":"product_cat-lithographie","9":"product_tag-alpes","10":"product_tag-deco-murale","11":"product_tag-estampe-ancienne","12":"product_tag-faverges","13":"product_tag-felix-benoist","14":"product_tag-france","15":"product_tag-french-alps","16":"product_tag-gravure-xixe","17":"product_tag-haute-savoie","18":"product_tag-lithograph","19":"product_tag-lithographie","20":"product_tag-paysage","21":"product_tag-paysage-alpin","22":"product_tag-paysage-francais","23":"product_tag-savoie","24":"product_tag-village","26":"first","27":"instock","28":"shipping-taxable","29":"purchasable","30":"product-type-simple"},"_links":{"self":[{"href":"https:\/\/artculture6.com\/index.php\/wp-json\/wp\/v2\/product\/1638","targetHints":{"allow":["GET"]}}],"collection":[{"href":"https:\/\/artculture6.com\/index.php\/wp-json\/wp\/v2\/product"}],"about":[{"href":"https:\/\/artculture6.com\/index.php\/wp-json\/wp\/v2\/types\/product"}],"replies":[{"embeddable":true,"href":"https:\/\/artculture6.com\/index.php\/wp-json\/wp\/v2\/comments?post=1638"}],"wp:featuredmedia":[{"embeddable":true,"href":"https:\/\/artculture6.com\/index.php\/wp-json\/wp\/v2\/media\/1639"}],"wp:attachment":[{"href":"https:\/\/artculture6.com\/index.php\/wp-json\/wp\/v2\/media?parent=1638"}],"wp:term":[{"taxonomy":"product_brand","embeddable":true,"href":"https:\/\/artculture6.com\/index.php\/wp-json\/wp\/v2\/product_brand?post=1638"},{"taxonomy":"product_cat","embeddable":true,"href":"https:\/\/artculture6.com\/index.php\/wp-json\/wp\/v2\/product_cat?post=1638"},{"taxonomy":"product_tag","embeddable":true,"href":"https:\/\/artculture6.com\/index.php\/wp-json\/wp\/v2\/product_tag?post=1638"}],"curies":[{"name":"wp","href":"https:\/\/api.w.org\/{rel}","templated":true}]}}