{"id":1543,"date":"2026-03-21T16:24:57","date_gmt":"2026-03-21T15:24:57","guid":{"rendered":"https:\/\/artculture6.com\/?post_type=product&#038;p=1543"},"modified":"2026-03-21T16:24:58","modified_gmt":"2026-03-21T15:24:58","slug":"marie-antoinette-dautriche-1755-1793-reine-de-france-emmenee-a-la-guillotine","status":"publish","type":"product","link":"https:\/\/artculture6.com\/index.php\/product\/marie-antoinette-dautriche-1755-1793-reine-de-france-emmenee-a-la-guillotine\/","title":{"rendered":"Marie-Antoinette d&rsquo;Autriche (1755-1793) reine de France emmen\u00e9e \u00e0 la guillotine"},"content":{"rendered":"<p><span><span style=\"font-size: x-large;\">R\u00e9f\u00e9rence \u00a05401-3R789L101-182<\/span><\/span><\/p>\n<div><span style=\"font-size: x-large;\">Je vous propose cette gravure repr\u00e9sentant le transfert de Marie-Antoinette d\u2019Autriche (1755-1793), reine de France, emmen\u00e9e sous escorte vers son supplice. La sc\u00e8ne se d\u00e9roule dans un cadre carc\u00e9ral aust\u00e8re, \u00e9voquant la Conciergerie. La reine, reconnaissable \u00e0 sa posture digne et \u00e0 son maintien malgr\u00e9 l\u2019humiliation, est entour\u00e9e de soldats arm\u00e9s et de gardes r\u00e9volutionnaires, tandis que des figures populaires et des ge\u00f4liers assistent \u00e0 la sc\u00e8ne avec des attitudes m\u00ealant hostilit\u00e9, curiosit\u00e9 et gravit\u00e9. \u00a0<\/span><\/div>\n<div><span style=\"font-size: x-large;\">Dimensions de la feuille: 32,5 cm par 27 cm. La gravure seule fait 26,7 cm\u00a0par 21,7 cm.\u00a0<\/span><\/div>\n","protected":false},"excerpt":{"rendered":"<p>Gravure ancienne repr\u00e9sentant <span class=\"hover:entity-accent entity-underline inline cursor-pointer align-baseline\"><span class=\"whitespace-normal\">Marie-Antoinette<\/span><\/span> conduite \u00e0 la guillotine lors de la <span class=\"hover:entity-accent entity-underline inline cursor-pointer align-baseline\"><span class=\"whitespace-normal\">R\u00e9volution fran\u00e7aise<\/span><\/span>. Tirage du XIXe si\u00e8cle, riche en d\u00e9tails et en intensit\u00e9 dramatique. Bel \u00e9tat g\u00e9n\u00e9ral avec traces du temps discr\u00e8tes en marges, sans atteinte \u00e0 la sc\u00e8ne. Pi\u00e8ce historique forte, id\u00e9ale pour collection ou d\u00e9coration \u00e0 th\u00e8me r\u00e9volutionnaire.<\/p>\n","protected":false},"featured_media":1544,"comment_status":"open","ping_status":"closed","template":"","meta":[],"product_brand":[],"product_cat":[382,553],"product_tag":[904,172,905,903,906,900,908,898,160,896,154,149,895,182,909,894,902,864,907,897,175,899,901],"class_list":{"0":"post-1543","1":"product","2":"type-product","3":"status-publish","4":"has-post-thumbnail","6":"product_cat-histoire-xviii-siecle","7":"product_cat-xylographie","8":"product_tag-ancien-regime","9":"product_tag-art-francais","10":"product_tag-art-historique","11":"product_tag-chute-de-la-monarchie","12":"product_tag-collection-histoire","13":"product_tag-conciergerie","14":"product_tag-document-historique","15":"product_tag-estampe","16":"product_tag-estampe-xixe","17":"product_tag-execution-1793","18":"product_tag-gravure-ancienne","19":"product_tag-gravure-xixe","20":"product_tag-guillotine","21":"product_tag-histoire-de-france","22":"product_tag-illustration-historique","23":"product_tag-marie-antoinette","24":"product_tag-monarchie-francaise","25":"product_tag-paris-revolution","26":"product_tag-patrimoine-francais","27":"product_tag-reine-de-france","28":"product_tag-revolution-francaise","29":"product_tag-scene-historique","30":"product_tag-tribunal-revolutionnaire","32":"first","33":"instock","34":"shipping-taxable","35":"purchasable","36":"product-type-simple"},"_links":{"self":[{"href":"https:\/\/artculture6.com\/index.php\/wp-json\/wp\/v2\/product\/1543","targetHints":{"allow":["GET"]}}],"collection":[{"href":"https:\/\/artculture6.com\/index.php\/wp-json\/wp\/v2\/product"}],"about":[{"href":"https:\/\/artculture6.com\/index.php\/wp-json\/wp\/v2\/types\/product"}],"replies":[{"embeddable":true,"href":"https:\/\/artculture6.com\/index.php\/wp-json\/wp\/v2\/comments?post=1543"}],"wp:featuredmedia":[{"embeddable":true,"href":"https:\/\/artculture6.com\/index.php\/wp-json\/wp\/v2\/media\/1544"}],"wp:attachment":[{"href":"https:\/\/artculture6.com\/index.php\/wp-json\/wp\/v2\/media?parent=1543"}],"wp:term":[{"taxonomy":"product_brand","embeddable":true,"href":"https:\/\/artculture6.com\/index.php\/wp-json\/wp\/v2\/product_brand?post=1543"},{"taxonomy":"product_cat","embeddable":true,"href":"https:\/\/artculture6.com\/index.php\/wp-json\/wp\/v2\/product_cat?post=1543"},{"taxonomy":"product_tag","embeddable":true,"href":"https:\/\/artculture6.com\/index.php\/wp-json\/wp\/v2\/product_tag?post=1543"}],"curies":[{"name":"wp","href":"https:\/\/api.w.org\/{rel}","templated":true}]}}