{"id":1516,"date":"2026-03-21T02:14:41","date_gmt":"2026-03-21T01:14:41","guid":{"rendered":"https:\/\/artculture6.com\/?post_type=product&#038;p=1516"},"modified":"2026-03-21T02:14:42","modified_gmt":"2026-03-21T01:14:42","slug":"revolution-francaise-10-aout-1792-chute-de-la-monarchie-gravure-c-1830-france","status":"publish","type":"product","link":"https:\/\/artculture6.com\/index.php\/product\/revolution-francaise-10-aout-1792-chute-de-la-monarchie-gravure-c-1830-france\/","title":{"rendered":"R\u00e9volution Fran\u00e7aise 10 ao\u00fbt 1792 chute de la monarchie Gravure c 1830 France"},"content":{"rendered":"<p><span style=\"font-size: x-large;\"><span>R\u00e9f\u00e9rence B3305R789L74-60<\/span><\/span><\/p>\n<div>\n<div><span style=\"font-size: x-large;\"><span>\u00a0Je vous propose cette gravure\u00a0<\/span>historique intitul\u00e9e\u00a0<span data-end=\"49\" data-start=\"29\">\u00ab 10 AO\u00dbT 1792 \u00bb<\/span>, repr\u00e9sentant l\u2019un des \u00e9pisodes les plus violents de la R\u00e9volution fran\u00e7aise : l\u2019assaut du palais des Tuileries et la chute de la monarchie de Louis XVI. La sc\u00e8ne montre l\u2019affrontement brutal entre insurg\u00e9s r\u00e9volutionnaires et gardes suisses dans un espace architectural monumental encadr\u00e9 de colonnes, ba\u00efonnettes et sabres lev\u00e9s dans un mouvement de charge d\u00e9sordonn\u00e9 et dramatique. Au centre, les combattants s\u2019\u00e9lancent avec fougue, drapeau brandi, tandis que plusieurs figures gisent au sol, accentuant la tension et la violence de l\u2019instant. \u00a0<\/span><\/div>\n<div><span style=\"font-size: x-large;\">la feuille fait 24,5 cm par 16 cm, la gravure seule fait 13,3 cm par 9 cm. Tirage vers 1830\u00a0On notera quelques tr\u00e8s l\u00e9g\u00e8res rousseurs dans les marges loin de la gravure. \u00a0\u00a0<\/span><\/div>\n<\/div>\n","protected":false},"excerpt":{"rendered":"<p>Gravure XIXe repr\u00e9sentant le 10 ao\u00fbt 1792, chute de la monarchie, sc\u00e8ne de la R\u00e9volution fran\u00e7aise.<\/p>\n","protected":false},"featured_media":1517,"comment_status":"open","ping_status":"closed","template":"","meta":[],"product_brand":[],"product_cat":[521,383,460],"product_tag":[860,859,648,865,154,863,866,862,864,175,861,20],"class_list":{"0":"post-1516","1":"product","2":"type-product","3":"status-publish","4":"has-post-thumbnail","6":"product_cat-gravures-xix-siecle","7":"product_cat-histoire-xix-siecle","8":"product_cat-paris","9":"product_tag-10-aout-1792","10":"product_tag-859","11":"product_tag-antique-engraving","12":"product_tag-french-revolution","13":"product_tag-gravure-ancienne","14":"product_tag-histoire-france","15":"product_tag-historical-print","16":"product_tag-monarchie","17":"product_tag-paris-revolution","18":"product_tag-revolution-francaise","19":"product_tag-tuileries","20":"product_tag-xixe-siecle","22":"first","23":"instock","24":"shipping-taxable","25":"purchasable","26":"product-type-simple"},"_links":{"self":[{"href":"https:\/\/artculture6.com\/index.php\/wp-json\/wp\/v2\/product\/1516","targetHints":{"allow":["GET"]}}],"collection":[{"href":"https:\/\/artculture6.com\/index.php\/wp-json\/wp\/v2\/product"}],"about":[{"href":"https:\/\/artculture6.com\/index.php\/wp-json\/wp\/v2\/types\/product"}],"replies":[{"embeddable":true,"href":"https:\/\/artculture6.com\/index.php\/wp-json\/wp\/v2\/comments?post=1516"}],"wp:featuredmedia":[{"embeddable":true,"href":"https:\/\/artculture6.com\/index.php\/wp-json\/wp\/v2\/media\/1517"}],"wp:attachment":[{"href":"https:\/\/artculture6.com\/index.php\/wp-json\/wp\/v2\/media?parent=1516"}],"wp:term":[{"taxonomy":"product_brand","embeddable":true,"href":"https:\/\/artculture6.com\/index.php\/wp-json\/wp\/v2\/product_brand?post=1516"},{"taxonomy":"product_cat","embeddable":true,"href":"https:\/\/artculture6.com\/index.php\/wp-json\/wp\/v2\/product_cat?post=1516"},{"taxonomy":"product_tag","embeddable":true,"href":"https:\/\/artculture6.com\/index.php\/wp-json\/wp\/v2\/product_tag?post=1516"}],"curies":[{"name":"wp","href":"https:\/\/api.w.org\/{rel}","templated":true}]}}