{"id":1472,"date":"2026-03-19T23:27:21","date_gmt":"2026-03-19T22:27:21","guid":{"rendered":"https:\/\/artculture6.com\/?post_type=product&#038;p=1472"},"modified":"2026-03-19T23:27:21","modified_gmt":"2026-03-19T22:27:21","slug":"bonneville-et-vallee-de-larve-haute-savoie-lithographie-de-1864-alpes-france","status":"publish","type":"product","link":"https:\/\/artculture6.com\/index.php\/product\/bonneville-et-vallee-de-larve-haute-savoie-lithographie-de-1864-alpes-france\/","title":{"rendered":"Bonneville et Vallee de l&rsquo;Arve Haute-Savoie lithographie de 1864 Alpes France"},"content":{"rendered":"<p style=\"font-weight: 400;\">R\u00e9f\u00e9rence\u00a05400-13R788<\/p>\n<p style=\"font-weight: 400;\">Je vous propose cette lithographie originale vers 1864\u00a0repr\u00e9sentant\u00a0Bonneville et Vallee de l&rsquo;Arve en Haute-Savoie.<\/p>\n<p style=\"font-weight: 400;\" data-start=\"885\" data-end=\"1063\">Le traitement lithographique offre une belle finesse dans les d\u00e9grad\u00e9s et les textures, avec une lecture claire du paysage et une atmosph\u00e8re \u00e0 la fois documentaire et esth\u00e9tique. Tr\u00e8s belle pi\u00e8ce.<\/p>\n<ul>\n<li style=\"font-weight: 400;\" data-section-id=\"1n0k4ra\" data-start=\"1227\" data-end=\"1259\">Feuille :\u00a0<span data-start=\"1239\" data-end=\"1257\">47,7 \u00d7 32,5 cm<\/span><\/li>\n<li style=\"font-weight: 400;\" data-section-id=\"z64j9p\" data-start=\"1260\" data-end=\"1284\">Image :\u00a0<span data-start=\"1270\" data-end=\"1284\">32,5 \u00d7 22 cm<\/span><\/li>\n<\/ul>\n","protected":false},"excerpt":{"rendered":"<p style=\"font-weight: 400;\">Je vous propose cette lithographie originale vers 1864\u00a0repr\u00e9sentant\u00a0Bonneville et Vallee de l&rsquo;Arve en Haute-Savoie.<\/p>\n<p style=\"font-weight: 400;\" data-start=\"885\" data-end=\"1063\">Le traitement lithographique offre une belle finesse dans les d\u00e9grad\u00e9s et les textures, avec une lecture claire du paysage et une atmosph\u00e8re \u00e0 la fois documentaire et esth\u00e9tique. Tr\u00e8s belle pi\u00e8ce.<\/p>\n<ul>\n<li style=\"font-weight: 400;\" data-section-id=\"1n0k4ra\" data-start=\"1227\" data-end=\"1259\">Feuille :\u00a0<span data-start=\"1239\" data-end=\"1257\">47,7 \u00d7 32,5 cm<\/span><\/li>\n<li style=\"font-weight: 400;\" data-section-id=\"z64j9p\" data-start=\"1260\" data-end=\"1284\">Image :\u00a0<span data-start=\"1270\" data-end=\"1284\">32,5 \u00d7 22 cm<\/span><\/li>\n<\/ul>\n","protected":false},"featured_media":1473,"comment_status":"open","ping_status":"closed","template":"","meta":[],"product_brand":[],"product_cat":[205,521,459,554],"product_tag":[820,821,828,827,813,815,817,825,819,822,816,826,829,830],"class_list":{"0":"post-1472","1":"product","2":"type-product","3":"status-publish","4":"has-post-thumbnail","6":"product_cat-france","7":"product_cat-gravures-xix-siecle","8":"product_cat-haute-savoie","9":"product_cat-lithographie","10":"product_tag-820","11":"product_tag-alpes","12":"product_tag-arve","13":"product_tag-bonneville","14":"product_tag-france-ancienne","15":"product_tag-haute-savoie","16":"product_tag-lithographie","17":"product_tag-montagne","18":"product_tag-nice-et-savoie","19":"product_tag-paysage-alpin","20":"product_tag-savoie","21":"product_tag-savoie-ancienne","22":"product_tag-vallee-de-l-arve","23":"product_tag-vue-ancienne","25":"first","26":"instock","27":"shipping-taxable","28":"purchasable","29":"product-type-simple"},"_links":{"self":[{"href":"https:\/\/artculture6.com\/index.php\/wp-json\/wp\/v2\/product\/1472","targetHints":{"allow":["GET"]}}],"collection":[{"href":"https:\/\/artculture6.com\/index.php\/wp-json\/wp\/v2\/product"}],"about":[{"href":"https:\/\/artculture6.com\/index.php\/wp-json\/wp\/v2\/types\/product"}],"replies":[{"embeddable":true,"href":"https:\/\/artculture6.com\/index.php\/wp-json\/wp\/v2\/comments?post=1472"}],"wp:featuredmedia":[{"embeddable":true,"href":"https:\/\/artculture6.com\/index.php\/wp-json\/wp\/v2\/media\/1473"}],"wp:attachment":[{"href":"https:\/\/artculture6.com\/index.php\/wp-json\/wp\/v2\/media?parent=1472"}],"wp:term":[{"taxonomy":"product_brand","embeddable":true,"href":"https:\/\/artculture6.com\/index.php\/wp-json\/wp\/v2\/product_brand?post=1472"},{"taxonomy":"product_cat","embeddable":true,"href":"https:\/\/artculture6.com\/index.php\/wp-json\/wp\/v2\/product_cat?post=1472"},{"taxonomy":"product_tag","embeddable":true,"href":"https:\/\/artculture6.com\/index.php\/wp-json\/wp\/v2\/product_tag?post=1472"}],"curies":[{"name":"wp","href":"https:\/\/api.w.org\/{rel}","templated":true}]}}