{"id":1417,"date":"2026-03-15T07:56:54","date_gmt":"2026-03-15T06:56:54","guid":{"rendered":"https:\/\/artculture6.com\/?post_type=product&#038;p=1417"},"modified":"2026-03-15T07:56:54","modified_gmt":"2026-03-15T06:56:54","slug":"oba-en-tenue-de-guerre-benin-bronze-ife-27-cm-fin-du-xxe","status":"publish","type":"product","link":"https:\/\/artculture6.com\/index.php\/product\/oba-en-tenue-de-guerre-benin-bronze-ife-27-cm-fin-du-xxe\/","title":{"rendered":"Oba en tenue de guerre Benin Bronze IFE 27 cm fin du XXe"},"content":{"rendered":"<p><span><span style=\"font-size: x-large;\">R\u00e9f\u00e9rence\u00a0B3301C906<\/span><\/span><\/p>\n<div><span style=\"font-size: x-large;\"><span>Artculture6 vous propose cette s<\/span><span data-start=\"376\" data-end=\"445\">tatue repr\u00e9sentant un Oba en tenue de guerre de style B\u00e9nin \/ Ife<\/span><\/span><\/div>\n<p data-start=\"447\" data-end=\"776\"><span style=\"font-size: x-large;\">Sculpture africaine figurant un\u00a0<span data-start=\"479\" data-end=\"506\">Oba (roi ou dignitaire)<\/span>\u00a0repr\u00e9sent\u00e9 debout en tenue c\u00e9r\u00e9monielle ou guerri\u00e8re. La figure porte une\u00a0<span data-start=\"581\" data-end=\"614\">coiffe royale \u00e0 excroissances<\/span>, caract\u00e9ristique des repr\u00e9sentations de souverains dans les traditions artistiques du\u00a0<span data-start=\"746\" data-end=\"775\">royaume du B\u00e9nin et d\u2019Ife<\/span>.<\/span><\/p>\n<p data-start=\"778\" data-end=\"1043\"><span style=\"font-size: x-large;\">La silhouette \u00e9lanc\u00e9e est v\u00eatue d\u2019un long costume d\u00e9cor\u00e9 de motifs incis\u00e9s. Le personnage tient un attribut symbolique dans la main gauche. Le visage stylis\u00e9 et l\u2019attitude hi\u00e9ratique correspondent aux conventions de la statuaire traditionnelle d\u2019Afrique de l\u2019Ouest.<\/span><\/p>\n<p data-start=\"1045\" data-end=\"1257\"><span style=\"font-size: x-large;\">La sculpture semble r\u00e9alis\u00e9e selon la technique traditionnelle de la\u00a0<span data-start=\"1114\" data-end=\"1140\">fonte \u00e0 la cire perdue<\/span>. La surface pr\u00e9sente une\u00a0<span data-start=\"1166\" data-end=\"1207\">patine sombre avec traces d\u2019oxydation<\/span>, t\u00e9moignant d\u2019un vieillissement naturel du m\u00e9tal.<\/span><\/p>\n<p data-start=\"1259\" data-end=\"1348\"><span style=\"font-size: x-large;\">La figure est mont\u00e9e sur un\u00a0<span data-start=\"1287\" data-end=\"1312\">socle en bois moderne<\/span>\u00a0permettant une pr\u00e9sentation stable.<\/span><\/p>\n<p data-start=\"1350\" data-end=\"1479\"><span style=\"font-size: x-large;\">Pi\u00e8ce d\u00e9corative repr\u00e9sentative de l\u2019<span data-start=\"1387\" data-end=\"1441\">art africain inspir\u00e9 des bronzes du B\u00e9nin et d\u2019Ife<\/span>, datable de la\u00a0<span data-start=\"1457\" data-end=\"1478\">fin du XX\u1d49 si\u00e8cle<\/span>.<\/span><\/p>\n<p data-start=\"1481\" data-end=\"1495\"><span data-start=\"1481\" data-end=\"1495\"><span style=\"font-size: x-large;\">Dimensions<\/span><\/span><\/p>\n<ul data-start=\"1497\" data-end=\"1598\">\n<li data-section-id=\"1nfd2ep\" data-start=\"1497\" data-end=\"1536\">\n<p data-start=\"1499\" data-end=\"1536\"><span style=\"font-size: x-large;\">Hauteur de la sculpture : 2<span data-start=\"1525\" data-end=\"1534\">5 cm<\/span><\/span><\/p>\n<\/li>\n<li data-section-id=\"1hbncxf\" data-start=\"1537\" data-end=\"1578\">\n<p data-start=\"1539\" data-end=\"1578\"><span style=\"font-size: x-large;\">Hauteur totale avec socle :\u00a0<span data-start=\"1567\" data-end=\"1576\">27 cm<\/span><\/span><\/p>\n<\/li>\n<li data-section-id=\"erlqkt\" data-start=\"1579\" data-end=\"1598\">\n<p data-start=\"1581\" data-end=\"1598\"><span style=\"font-size: x-large;\">Poids :\u00a0<span data-start=\"1589\" data-end=\"1598\">944 grammes.<\/span><\/span><\/p>\n<\/li>\n<\/ul>\n","protected":false},"excerpt":{"rendered":"<p data-start=\"1627\" data-end=\"1823\">Statue africaine repr\u00e9sentant un <strong data-start=\"1660\" data-end=\"1686\">Oba en tenue de guerre<\/strong>, inspir\u00e9e des bronzes du B\u00e9nin et d\u2019Ife (Nigeria). Sculpture en bronze \u00e0 patine sombre, mont\u00e9e sur socle en bois. <strong data-start=\"1801\" data-end=\"1823\">Fin du XX\u1d49 si\u00e8cle.<\/strong><\/p>\n<p data-start=\"1825\" data-end=\"1896\">Hauteur sculpture <strong data-start=\"1843\" data-end=\"1852\">15 cm<\/strong>, hauteur totale <strong data-start=\"1869\" data-end=\"1878\">27 cm<\/strong>, poids <strong data-start=\"1886\" data-end=\"1895\">944 g<\/strong>.<\/p>\n","protected":false},"featured_media":1418,"comment_status":"open","ping_status":"closed","template":"","meta":[],"product_brand":[],"product_cat":[274,336,534,359],"product_tag":[752],"class_list":{"0":"post-1417","1":"product","2":"type-product","3":"status-publish","4":"has-post-thumbnail","6":"product_cat-benin","7":"product_cat-bronzes","8":"product_cat-objets-dart","9":"product_cat-sculptures-statuette-figurines","10":"product_tag-art-africain-oba-benin-bronze-ife-bronze-yoruba-art-sculpture-africaine-bronze-africain-nigeria-art-african-bronze-tribal-art-statue-africaine-ethnic-sculpture-collection-art-africain","12":"first","13":"instock","14":"shipping-taxable","15":"purchasable","16":"product-type-simple"},"_links":{"self":[{"href":"https:\/\/artculture6.com\/index.php\/wp-json\/wp\/v2\/product\/1417","targetHints":{"allow":["GET"]}}],"collection":[{"href":"https:\/\/artculture6.com\/index.php\/wp-json\/wp\/v2\/product"}],"about":[{"href":"https:\/\/artculture6.com\/index.php\/wp-json\/wp\/v2\/types\/product"}],"replies":[{"embeddable":true,"href":"https:\/\/artculture6.com\/index.php\/wp-json\/wp\/v2\/comments?post=1417"}],"wp:featuredmedia":[{"embeddable":true,"href":"https:\/\/artculture6.com\/index.php\/wp-json\/wp\/v2\/media\/1418"}],"wp:attachment":[{"href":"https:\/\/artculture6.com\/index.php\/wp-json\/wp\/v2\/media?parent=1417"}],"wp:term":[{"taxonomy":"product_brand","embeddable":true,"href":"https:\/\/artculture6.com\/index.php\/wp-json\/wp\/v2\/product_brand?post=1417"},{"taxonomy":"product_cat","embeddable":true,"href":"https:\/\/artculture6.com\/index.php\/wp-json\/wp\/v2\/product_cat?post=1417"},{"taxonomy":"product_tag","embeddable":true,"href":"https:\/\/artculture6.com\/index.php\/wp-json\/wp\/v2\/product_tag?post=1417"}],"curies":[{"name":"wp","href":"https:\/\/api.w.org\/{rel}","templated":true}]}}