{"id":1370,"date":"2026-03-12T16:16:22","date_gmt":"2026-03-12T16:16:22","guid":{"rendered":"https:\/\/artculture6.com\/?post_type=product&#038;p=1370"},"modified":"2026-03-12T16:16:22","modified_gmt":"2026-03-12T16:16:22","slug":"zimbabwe-art-shona-petite-sculpture-buste-afrique-en-pierre-serpentine-verte","status":"publish","type":"product","link":"https:\/\/artculture6.com\/index.php\/product\/zimbabwe-art-shona-petite-sculpture-buste-afrique-en-pierre-serpentine-verte\/","title":{"rendered":"Zimbabwe Art Shona Petite sculpture buste Afrique en pierre serpentine verte"},"content":{"rendered":"<p><span><span style=\"font-size: x-large;\">R\u00e9f\u00e9rence 5399C906<\/span><\/span><\/p>\n<div>\n<p data-start=\"559\" data-end=\"825\"><span style=\"font-size: x-large;\">Petite sculpture repr\u00e9sentant un buste f\u00e9minin stylis\u00e9 r\u00e9alis\u00e9e dans une pierre serpentine verte aux veinures naturelles. La pierre est finement polie, donnant \u00e0 l\u2019ensemble un aspect lisse et brillant caract\u00e9ristique des sculptures contemporaines d\u2019Afrique australe.<\/span><\/p>\n<p data-start=\"827\" data-end=\"1139\"><span style=\"font-size: x-large;\">Le visage est trait\u00e9 de mani\u00e8re stylis\u00e9e avec un front large, des traits simplifi\u00e9s et des l\u00e8vres marqu\u00e9es. Les oreilles sont orn\u00e9es d\u2019anneaux sculpt\u00e9s directement dans la masse de la pierre. Le cou \u00e9lanc\u00e9 repose sur une base arrondie d\u00e9cor\u00e9e d\u2019\u00e9l\u00e9ments circulaires \u00e9voquant un collier ou un ornement c\u00e9r\u00e9moniel.<\/span><\/p>\n<p data-start=\"1141\" data-end=\"1364\"><span style=\"font-size: x-large;\">Cette sculpture s\u2019inscrit dans la tradition artistique des sculpteurs Shona du Zimbabwe, connus depuis la seconde moiti\u00e9 du XX\u1d49 si\u00e8cle pour leur travail direct dans les pierres locales comme la serpentine ou la springstone.<\/span><\/p>\n<p data-start=\"1366\" data-end=\"1490\"><span style=\"font-size: x-large;\">Objet d\u00e9coratif d\u2019art africain contemporain, id\u00e9al pour une collection d\u2019art tribal moderne ou pour une d\u00e9coration ethnique.<\/span><\/p>\n<p data-start=\"1492\" data-end=\"1564\"><span style=\"font-size: x-large;\">Dimensions :<br data-start=\"1504\" data-end=\"1507\" \/>Hauteur : 6,6 cm<br data-start=\"1523\" data-end=\"1526\" \/>Largeur : 4,3 cm<br data-start=\"1542\" data-end=\"1545\" \/>Poids : 124 grammes<\/span><\/p>\n<p data-start=\"1566\" data-end=\"1607\"><span style=\"font-size: x-large;\">Mat\u00e9riau : pierre serpentine verte polie.<\/span><\/p>\n<\/div>\n","protected":false},"excerpt":{"rendered":"<p data-start=\"559\" data-end=\"825\">5398C906<\/p>\n<p data-start=\"559\" data-end=\"825\">Petite sculpture repr\u00e9sentant un buste f\u00e9minin stylis\u00e9 r\u00e9alis\u00e9e dans une pierre serpentine verte aux veinures naturelles. La pierre est finement polie, donnant \u00e0 l\u2019ensemble un aspect lisse et brillant caract\u00e9ristique des sculptures contemporaines d\u2019Afrique australe.<\/p>\n<p data-start=\"827\" data-end=\"1139\">Le visage est trait\u00e9 de mani\u00e8re stylis\u00e9e avec un front large, des traits simplifi\u00e9s et des l\u00e8vres marqu\u00e9es. Les oreilles sont orn\u00e9es d\u2019anneaux sculpt\u00e9s directement dans la masse de la pierre. Le cou \u00e9lanc\u00e9 repose sur une base arrondie d\u00e9cor\u00e9e d\u2019\u00e9l\u00e9ments circulaires \u00e9voquant un collier ou un ornement c\u00e9r\u00e9moniel.<\/p>\n<p data-start=\"1141\" data-end=\"1364\">Cette sculpture s\u2019inscrit dans la tradition artistique des sculpteurs Shona du Zimbabwe, connus depuis la seconde moiti\u00e9 du XX\u1d49 si\u00e8cle pour leur travail direct dans les pierres locales comme la serpentine ou la springstone.<\/p>\n<p data-start=\"1366\" data-end=\"1490\">Objet d\u00e9coratif d\u2019art africain contemporain, id\u00e9al pour une collection d\u2019art tribal moderne ou pour une d\u00e9coration ethnique.<\/p>\n<p data-start=\"1492\" data-end=\"1564\">Dimensions :<br data-start=\"1504\" data-end=\"1507\" \/>Hauteur : 6,6 cm<br data-start=\"1523\" data-end=\"1526\" \/>Largeur : 4,3 cm<br data-start=\"1542\" data-end=\"1545\" \/>Poids : 124 grammes<\/p>\n<p data-start=\"1566\" data-end=\"1607\">Mat\u00e9riau : pierre serpentine verte polie.<\/p>\n","protected":false},"featured_media":1371,"comment_status":"open","ping_status":"closed","template":"","meta":[],"product_brand":[],"product_cat":[201,271,534,354,359],"product_tag":[691,698,695,680,678,687,672,700,675,696,693,697,692,673,699,679,688,690,694,674],"class_list":{"0":"post-1370","1":"product","2":"type-product","3":"status-publish","4":"has-post-thumbnail","6":"product_cat-afrique","7":"product_cat-afrique-du-sud","8":"product_cat-objets-dart","9":"product_cat-objets-ethniques","10":"product_cat-sculptures-statuette-figurines","11":"product_tag-african-art-object","12":"product_tag-african-bust-carving","13":"product_tag-african-carved-stone","14":"product_tag-african-decorative-sculpture","15":"product_tag-african-female-bust","16":"product_tag-african-figurative-sculpture","17":"product_tag-african-sculpture","18":"product_tag-african-stone-artwork","19":"product_tag-african-stone-bust","20":"product_tag-ethnic-stone-sculpture","21":"product_tag-green-stone-sculpture","22":"product_tag-handmade-stone-sculpture","23":"product_tag-serpentine-stone-carving","24":"product_tag-shona-sculpture","25":"product_tag-tribal-art-collectible","26":"product_tag-tribal-art-sculpture","27":"product_tag-tribal-stone-carving","28":"product_tag-zimbabwe-art-carving","29":"product_tag-zimbabwe-shona-art","30":"product_tag-zimbabwe-stone-sculpture","32":"first","33":"instock","34":"shipping-taxable","35":"purchasable","36":"product-type-simple"},"_links":{"self":[{"href":"https:\/\/artculture6.com\/index.php\/wp-json\/wp\/v2\/product\/1370","targetHints":{"allow":["GET"]}}],"collection":[{"href":"https:\/\/artculture6.com\/index.php\/wp-json\/wp\/v2\/product"}],"about":[{"href":"https:\/\/artculture6.com\/index.php\/wp-json\/wp\/v2\/types\/product"}],"replies":[{"embeddable":true,"href":"https:\/\/artculture6.com\/index.php\/wp-json\/wp\/v2\/comments?post=1370"}],"wp:featuredmedia":[{"embeddable":true,"href":"https:\/\/artculture6.com\/index.php\/wp-json\/wp\/v2\/media\/1371"}],"wp:attachment":[{"href":"https:\/\/artculture6.com\/index.php\/wp-json\/wp\/v2\/media?parent=1370"}],"wp:term":[{"taxonomy":"product_brand","embeddable":true,"href":"https:\/\/artculture6.com\/index.php\/wp-json\/wp\/v2\/product_brand?post=1370"},{"taxonomy":"product_cat","embeddable":true,"href":"https:\/\/artculture6.com\/index.php\/wp-json\/wp\/v2\/product_cat?post=1370"},{"taxonomy":"product_tag","embeddable":true,"href":"https:\/\/artculture6.com\/index.php\/wp-json\/wp\/v2\/product_tag?post=1370"}],"curies":[{"name":"wp","href":"https:\/\/api.w.org\/{rel}","templated":true}]}}