{"id":1350,"date":"2026-03-12T08:53:56","date_gmt":"2026-03-12T08:53:56","guid":{"rendered":"https:\/\/artculture6.com\/?post_type=product&#038;p=1350"},"modified":"2026-03-12T08:53:56","modified_gmt":"2026-03-12T08:53:56","slug":"apres-rembrandt-samson-et-dalila-heliogravure-1898-gravure-ancienne-biblique","status":"publish","type":"product","link":"https:\/\/artculture6.com\/index.php\/product\/apres-rembrandt-samson-et-dalila-heliogravure-1898-gravure-ancienne-biblique\/","title":{"rendered":"Apr\u00e8s Rembrandt Samson et Dalila H\u00e9liogravure 1898 gravure ancienne biblique"},"content":{"rendered":"<p data-start=\"367\" data-end=\"782\"><span style=\"font-size: x-large;\">R\u00e9f\u00e9rence\u00a0B3295R789-6<\/span><\/p>\n<div class=\"relative basis-auto flex-col -mb-(--composer-overlap-px) [--composer-overlap-px:28px] grow flex\">\n<div class=\"flex flex-col text-sm pb-25\">\n<article class=\"text-token-text-primary w-full focus:outline-none [--shadow-height:45px] has-data-writing-block:pointer-events-none has-data-writing-block:-mt-(--shadow-height) has-data-writing-block:pt-(--shadow-height) [&amp;:has([data-writing-block])&gt;*]:pointer-events-auto scroll-mt-[calc(var(--header-height)+min(200px,max(70px,20svh)))]\" dir=\"auto\" tabindex=\"-1\" data-turn-id=\"request-6992e4d4-6c98-838f-95e1-766764fd391d-12\" data-testid=\"conversation-turn-453\" data-scroll-anchor=\"true\" data-turn=\"assistant\">\n<div class=\"text-base my-auto mx-auto pb-10 [--thread-content-margin:var(--thread-content-margin-xs,calc(var(--spacing)*4))] @w-sm\/main:[--thread-content-margin:var(--thread-content-margin-sm,calc(var(--spacing)*6))] @w-lg\/main:[--thread-content-margin:var(--thread-content-margin-lg,calc(var(--spacing)*16))] px-(--thread-content-margin)\">\n<div class=\"[--thread-content-max-width:40rem] @w-lg\/main:[--thread-content-max-width:48rem] mx-auto max-w-(--thread-content-max-width) flex-1 group\/turn-messages focus-visible:outline-hidden relative flex w-full min-w-0 flex-col agent-turn\" tabindex=\"-1\">\n<div class=\"flex max-w-full flex-col gap-4 grow\">\n<div class=\"min-h-8 text-message relative flex w-full flex-col items-end gap-2 text-start break-words whitespace-normal [.text-message+&amp;]:mt-1\" dir=\"auto\" data-message-author-role=\"assistant\" data-message-id=\"f13c09a6-4114-4953-a075-d135acaa65d1\" data-message-model-slug=\"gpt-5-3\">\n<div class=\"flex w-full flex-col gap-1 empty:hidden\">\n<div class=\"markdown prose dark:prose-invert w-full wrap-break-word light markdown-new-styling\">\n<div class=\"flex flex-col text-sm pb-25\">\n<article class=\"text-token-text-primary w-full focus:outline-none [--shadow-height:45px] has-data-writing-block:pointer-events-none has-data-writing-block:-mt-(--shadow-height) has-data-writing-block:pt-(--shadow-height) [&amp;:has([data-writing-block])&gt;*]:pointer-events-auto scroll-mt-[calc(var(--header-height)+min(200px,max(70px,20svh)))]\" dir=\"auto\" tabindex=\"-1\" data-turn-id=\"request-6992e4d4-6c98-838f-95e1-766764fd391d-16\" data-testid=\"conversation-turn-461\" data-scroll-anchor=\"true\" data-turn=\"assistant\">\n<div class=\"text-base my-auto mx-auto pb-10 [--thread-content-margin:var(--thread-content-margin-xs,calc(var(--spacing)*4))] @w-sm\/main:[--thread-content-margin:var(--thread-content-margin-sm,calc(var(--spacing)*6))] @w-lg\/main:[--thread-content-margin:var(--thread-content-margin-lg,calc(var(--spacing)*16))] px-(--thread-content-margin)\">\n<div class=\"[--thread-content-max-width:40rem] @w-lg\/main:[--thread-content-max-width:48rem] mx-auto max-w-(--thread-content-max-width) flex-1 group\/turn-messages focus-visible:outline-hidden relative flex w-full min-w-0 flex-col agent-turn\" tabindex=\"-1\">\n<div class=\"flex max-w-full flex-col gap-4 grow\">\n<div class=\"min-h-8 text-message relative flex w-full flex-col items-end gap-2 text-start break-words whitespace-normal [.text-message+&amp;]:mt-1\" dir=\"auto\" data-message-author-role=\"assistant\" data-message-id=\"154bcf55-357b-49ef-8eee-0d1e605e613a\" data-message-model-slug=\"gpt-5-3\">\n<div class=\"flex w-full flex-col gap-1 empty:hidden\">\n<div class=\"markdown prose dark:prose-invert w-full wrap-break-word light markdown-new-styling\">\n<p data-start=\"56\" data-end=\"716\"><span style=\"font-size: x-large;\">Belle h\u00e9liogravure ancienne d\u2019apr\u00e8s\u00a0<span data-start=\"92\" data-end=\"126\">Rembrandt van Rijn (1606-1669)<\/span>\u00a0repr\u00e9sentant\u00a0<span data-start=\"140\" data-end=\"160\">Samson et Dalila<\/span>, c\u00e9l\u00e8bre \u00e9pisode biblique tir\u00e9 du Livre des Juges. La sc\u00e8ne montre le moment dramatique o\u00f9 Dalila trahit Samson en permettant \u00e0 ses ennemis de lui couper les cheveux, source de sa force l\u00e9gendaire. Rembrandt traite ce sujet avec une intensit\u00e9 remarquable gr\u00e2ce \u00e0 son c\u00e9l\u00e8bre\u00a0<span data-start=\"436\" data-end=\"452\">clair-obscur<\/span>, concentrant la lumi\u00e8re sur les personnages principaux tandis que les figures secondaires \u00e9mergent de l\u2019ombre. La composition renforce la tension dramatique de l\u2019instant et illustre parfaitement la puissance narrative de la peinture hollandaise du XVII\u1d49 si\u00e8cle.<\/span><\/p>\n<p data-start=\"718\" data-end=\"1159\"><span style=\"font-size: x-large;\">Cette estampe est un\u00a0<span data-start=\"739\" data-end=\"811\">tirage ancien en h\u00e9liogravure r\u00e9alis\u00e9 en 1898 par la Reichsdruckerei<\/span>, prestigieuse imprimerie d\u2019\u00c9tat allemande r\u00e9put\u00e9e \u00e0 la fin du XIX\u1d49 si\u00e8cle pour la qualit\u00e9 de ses reproductions d\u2019\u0153uvres de ma\u00eetres conserv\u00e9es dans les grands mus\u00e9es europ\u00e9ens. La technique de l\u2019h\u00e9liogravure permet une restitution tr\u00e8s fid\u00e8le des nuances et des valeurs de gris, offrant une reproduction d\u2019une grande finesse proche de l\u2019original.<\/span><\/p>\n<p data-start=\"1161\" data-end=\"1320\"><span style=\"font-size: x-large;\">L\u2019\u00e9preuve est imprim\u00e9e sur\u00a0<span data-start=\"1188\" data-end=\"1222\">papier fort avec larges marges<\/span>, typique des \u00e9ditions d\u2019art de la fin du XIX\u1d49 si\u00e8cle destin\u00e9es aux amateurs et collectionneurs.<\/span><\/p>\n<p data-start=\"1322\" data-end=\"1418\"><span style=\"font-size: x-large;\"><span data-start=\"1322\" data-end=\"1368\">Dimensions de la feuille : 34 cm \u00d7 29,7 cm<\/span><br data-start=\"1368\" data-end=\"1371\" \/><span data-start=\"1371\" data-end=\"1416\">Dimensions de l\u2019image : 24,2 cm \u00d7 19,7 cm<\/span><\/span><\/p>\n<p data-start=\"1420\" data-end=\"1704\" data-is-last-node=\"\" data-is-only-node=\"\"><span style=\"font-size: x-large;\">Bon \u00e9tat g\u00e9n\u00e9ral pour une estampe ancienne avec quelques traces l\u00e9g\u00e8res li\u00e9es au temps. Cette gravure constitue une pi\u00e8ce d\u00e9corative \u00e9l\u00e9gante et un document int\u00e9ressant pour les amateurs de Rembrandt, les collectionneurs d\u2019estampes anciennes ou les passionn\u00e9s d\u2019iconographie biblique.<\/span><\/p>\n<\/div>\n<\/div>\n<\/div>\n<\/div>\n<\/div>\n<\/div>\n<\/article>\n<\/div>\n<\/div>\n<\/div>\n<\/div>\n<\/div>\n<\/div>\n<\/div>\n<\/article>\n<\/div>\n<\/div>\n","protected":false},"excerpt":{"rendered":"<p>Belle h\u00e9liogravure ancienne d\u2019apr\u00e8s <strong data-start=\"200\" data-end=\"234\">Rembrandt van Rijn (1606-1669)<\/strong> repr\u00e9sentant <strong data-start=\"248\" data-end=\"268\">Samson et Dalila<\/strong>, c\u00e9l\u00e8bre sc\u00e8ne biblique de l\u2019Ancien Testament o\u00f9 Dalila trahit Samson en livrant sa force aux Philistins. La composition dramatique met en valeur le clair-obscur caract\u00e9ristique du ma\u00eetre hollandais, avec un contraste puissant entre les zones d\u2019ombre et la lumi\u00e8re concentr\u00e9e sur les figures principales. Tirage d\u2019art r\u00e9alis\u00e9 en <strong data-start=\"598\" data-end=\"606\">1898<\/strong> par <strong data-start=\"611\" data-end=\"630\">Reichsdruckerei<\/strong>, atelier r\u00e9put\u00e9 pour les reproductions d\u2019\u0153uvres de ma\u00eetres. Impression sur papier fort avec larges marges. <strong data-start=\"738\" data-end=\"822\">Dimensions de la feuille : 34 \u00d7 29,7 cm. Dimensions de l\u2019image : 24,2 \u00d7 19,7 cm.<\/strong> Bon \u00e9tat g\u00e9n\u00e9ral avec l\u00e9g\u00e8res traces du temps. Gravure d\u00e9corative id\u00e9ale pour collectionneur d\u2019estampes anciennes ou amateur d\u2019art classique.<\/p>\n","protected":false},"featured_media":1351,"comment_status":"open","ping_status":"closed","template":"","meta":[],"product_brand":[],"product_cat":[557,598],"product_tag":[624,648,644,622,641,144,614,616,615,651],"class_list":{"0":"post-1350","1":"product","2":"type-product","3":"status-publish","4":"has-post-thumbnail","6":"product_cat-artistes-2","7":"product_cat-rembrandt-van-rijn-1606-1669","8":"product_tag-19th-century-engraving","9":"product_tag-antique-engraving","10":"product_tag-biblical-engraving","11":"product_tag-dutch-master-print","12":"product_tag-old-master-print","13":"product_tag-rembrandt","14":"product_tag-rembrandt-engraving","15":"product_tag-rembrandt-heliogravure","16":"product_tag-rembrandt-print","17":"product_tag-samson-and-delilah","19":"first","20":"instock","21":"shipping-taxable","22":"purchasable","23":"product-type-simple"},"_links":{"self":[{"href":"https:\/\/artculture6.com\/index.php\/wp-json\/wp\/v2\/product\/1350","targetHints":{"allow":["GET"]}}],"collection":[{"href":"https:\/\/artculture6.com\/index.php\/wp-json\/wp\/v2\/product"}],"about":[{"href":"https:\/\/artculture6.com\/index.php\/wp-json\/wp\/v2\/types\/product"}],"replies":[{"embeddable":true,"href":"https:\/\/artculture6.com\/index.php\/wp-json\/wp\/v2\/comments?post=1350"}],"wp:featuredmedia":[{"embeddable":true,"href":"https:\/\/artculture6.com\/index.php\/wp-json\/wp\/v2\/media\/1351"}],"wp:attachment":[{"href":"https:\/\/artculture6.com\/index.php\/wp-json\/wp\/v2\/media?parent=1350"}],"wp:term":[{"taxonomy":"product_brand","embeddable":true,"href":"https:\/\/artculture6.com\/index.php\/wp-json\/wp\/v2\/product_brand?post=1350"},{"taxonomy":"product_cat","embeddable":true,"href":"https:\/\/artculture6.com\/index.php\/wp-json\/wp\/v2\/product_cat?post=1350"},{"taxonomy":"product_tag","embeddable":true,"href":"https:\/\/artculture6.com\/index.php\/wp-json\/wp\/v2\/product_tag?post=1350"}],"curies":[{"name":"wp","href":"https:\/\/api.w.org\/{rel}","templated":true}]}}