{"id":1345,"date":"2026-03-12T08:33:34","date_gmt":"2026-03-12T08:33:34","guid":{"rendered":"https:\/\/artculture6.com\/?post_type=product&#038;p=1345"},"modified":"2026-03-12T08:33:34","modified_gmt":"2026-03-12T08:33:34","slug":"rembrandt-portrait-en-costume-oriental-heliogravure-lemercier-1898-gravure","status":"publish","type":"product","link":"https:\/\/artculture6.com\/index.php\/product\/rembrandt-portrait-en-costume-oriental-heliogravure-lemercier-1898-gravure\/","title":{"rendered":"Rembrandt Portrait en costume oriental H\u00e9liogravure Lemercier 1898 gravure"},"content":{"rendered":"<p data-start=\"367\" data-end=\"782\"><span style=\"font-size: x-large;\">R\u00e9f\u00e9rence\u00a0B3294R789-54<\/span><\/p>\n<div class=\"relative basis-auto flex-col -mb-(--composer-overlap-px) [--composer-overlap-px:28px] grow flex\">\n<div class=\"flex flex-col text-sm pb-25\">\n<article class=\"text-token-text-primary w-full focus:outline-none [--shadow-height:45px] has-data-writing-block:pointer-events-none has-data-writing-block:-mt-(--shadow-height) has-data-writing-block:pt-(--shadow-height) [&amp;:has([data-writing-block])&gt;*]:pointer-events-auto scroll-mt-[calc(var(--header-height)+min(200px,max(70px,20svh)))]\" dir=\"auto\" tabindex=\"-1\" data-turn-id=\"request-6992e4d4-6c98-838f-95e1-766764fd391d-12\" data-testid=\"conversation-turn-453\" data-scroll-anchor=\"true\" data-turn=\"assistant\">\n<div class=\"text-base my-auto mx-auto pb-10 [--thread-content-margin:var(--thread-content-margin-xs,calc(var(--spacing)*4))] @w-sm\/main:[--thread-content-margin:var(--thread-content-margin-sm,calc(var(--spacing)*6))] @w-lg\/main:[--thread-content-margin:var(--thread-content-margin-lg,calc(var(--spacing)*16))] px-(--thread-content-margin)\">\n<div class=\"[--thread-content-max-width:40rem] @w-lg\/main:[--thread-content-max-width:48rem] mx-auto max-w-(--thread-content-max-width) flex-1 group\/turn-messages focus-visible:outline-hidden relative flex w-full min-w-0 flex-col agent-turn\" tabindex=\"-1\">\n<div class=\"flex max-w-full flex-col gap-4 grow\">\n<div class=\"min-h-8 text-message relative flex w-full flex-col items-end gap-2 text-start break-words whitespace-normal [.text-message+&amp;]:mt-1\" dir=\"auto\" data-message-author-role=\"assistant\" data-message-id=\"f13c09a6-4114-4953-a075-d135acaa65d1\" data-message-model-slug=\"gpt-5-3\">\n<div class=\"flex w-full flex-col gap-1 empty:hidden\">\n<div class=\"markdown prose dark:prose-invert w-full wrap-break-word light markdown-new-styling\">\n<p data-start=\"226\" data-end=\"806\"><span style=\"font-size: x-large;\">Belle h\u00e9liogravure ancienne repr\u00e9sentant le\u00a0<span data-start=\"270\" data-end=\"315\">Portrait de Rembrandt en costume oriental<\/span>, c\u00e9l\u00e8bre autoportrait du ma\u00eetre hollandais\u00a0<span data-start=\"359\" data-end=\"393\">Rembrandt van Rijn (1606-1669)<\/span>. Dans cette \u0153uvre, l\u2019artiste se repr\u00e9sente v\u00eatu d\u2019un riche costume oriental avec turban et manteau ample, th\u00e8me fr\u00e9quent dans ses autoportraits o\u00f9 il explore les jeux de lumi\u00e8re, les textures et les expressions. La composition met en valeur la puissance du\u00a0<span data-start=\"651\" data-end=\"667\">clair-obscur<\/span>, caract\u00e9ristique de l\u2019art de Rembrandt, avec une lumi\u00e8re concentr\u00e9e sur la figure tandis que le fond demeure dans une p\u00e9nombre profonde.<\/span><\/p>\n<p data-start=\"808\" data-end=\"1189\"><span style=\"font-size: x-large;\">Cette estampe est un\u00a0<span data-start=\"829\" data-end=\"892\">tirage ancien en h\u00e9liogravure r\u00e9alis\u00e9 en 1898 par Lemercier<\/span>, c\u00e9l\u00e8bre imprimeur parisien du XIX\u1d49 si\u00e8cle sp\u00e9cialis\u00e9 dans les reproductions d\u2019\u0153uvres de grands ma\u00eetres conserv\u00e9es dans les mus\u00e9es europ\u00e9ens. La technique de l\u2019h\u00e9liogravure permet une restitution tr\u00e8s fine des valeurs de gris et des d\u00e9tails, offrant une reproduction fid\u00e8le du tableau original.<\/span><\/p>\n<p data-start=\"1191\" data-end=\"1296\"><span style=\"font-size: x-large;\">Impression sur\u00a0<span data-start=\"1206\" data-end=\"1240\">papier fort avec larges marges<\/span>, typique des \u00e9ditions d\u2019art de la fin du XIX\u1d49 si\u00e8cle.<\/span><\/p>\n<p data-start=\"1298\" data-end=\"1390\"><span style=\"font-size: x-large;\"><span data-start=\"1298\" data-end=\"1343\">Dimensions de la feuille : 35,7 \u00d7 28,3 cm<\/span><br data-start=\"1343\" data-end=\"1346\" \/><span data-start=\"1346\" data-end=\"1388\">Dimensions de l\u2019image : 25,5 \u00d7 18,2 cm<\/span><\/span><\/p>\n<p data-start=\"1392\" data-end=\"1606\"><span style=\"font-size: x-large;\">Bon \u00e9tat g\u00e9n\u00e9ral pour une estampe ancienne avec l\u00e9g\u00e8res traces du temps. Pi\u00e8ce d\u00e9corative \u00e9l\u00e9gante et int\u00e9ressante pour collectionneur d\u2019estampes anciennes, amateur de Rembrandt ou d\u2019art hollandais du XVII\u1d49 si\u00e8cle.<\/span><\/p>\n<\/div>\n<\/div>\n<\/div>\n<\/div>\n<\/div>\n<\/div>\n<\/article>\n<\/div>\n<\/div>\n","protected":false},"excerpt":{"rendered":"<p>Belle h\u00e9liogravure ancienne d\u2019apr\u00e8s <strong data-start=\"89\" data-end=\"123\">Rembrandt van Rijn (1606-1669)<\/strong> repr\u00e9sentant l\u2019artiste en <strong data-start=\"150\" data-end=\"170\">costume oriental<\/strong>, th\u00e8me fr\u00e9quent dans ses autoportraits o\u00f9 il exp\u00e9rimente costumes, lumi\u00e8re et expressions. Tirage d\u2019art r\u00e9alis\u00e9 en <strong data-start=\"286\" data-end=\"320\">1898 par l\u2019imprimeur Lemercier<\/strong>, sp\u00e9cialiste des reproductions des grands ma\u00eetres. Impression sur papier fort avec larges marges. <strong data-start=\"419\" data-end=\"505\">Dimensions de la feuille : 35,7 \u00d7 28,3 cm. Dimensions de l\u2019image : 25,5 \u00d7 18,2 cm.<\/strong> Bon \u00e9tat g\u00e9n\u00e9ral avec l\u00e9g\u00e8res traces du temps. Gravure d\u00e9corative id\u00e9ale pour collectionneur d\u2019estampes anciennes et amateurs d\u2019art hollandais.<\/p>\n","protected":false},"featured_media":1346,"comment_status":"open","ping_status":"closed","template":"","meta":[],"product_brand":[],"product_cat":[557,598],"product_tag":[624,648,622,641,650,144,614,616,615,649],"class_list":{"0":"post-1345","1":"product","2":"type-product","3":"status-publish","4":"has-post-thumbnail","6":"product_cat-artistes-2","7":"product_cat-rembrandt-van-rijn-1606-1669","8":"product_tag-19th-century-engraving","9":"product_tag-antique-engraving","10":"product_tag-dutch-master-print","11":"product_tag-old-master-print","12":"product_tag-oriental-costume-portrait","13":"product_tag-rembrandt","14":"product_tag-rembrandt-engraving","15":"product_tag-rembrandt-heliogravure","16":"product_tag-rembrandt-print","17":"product_tag-rembrandt-self-portrait","19":"first","20":"instock","21":"shipping-taxable","22":"purchasable","23":"product-type-simple"},"_links":{"self":[{"href":"https:\/\/artculture6.com\/index.php\/wp-json\/wp\/v2\/product\/1345","targetHints":{"allow":["GET"]}}],"collection":[{"href":"https:\/\/artculture6.com\/index.php\/wp-json\/wp\/v2\/product"}],"about":[{"href":"https:\/\/artculture6.com\/index.php\/wp-json\/wp\/v2\/types\/product"}],"replies":[{"embeddable":true,"href":"https:\/\/artculture6.com\/index.php\/wp-json\/wp\/v2\/comments?post=1345"}],"wp:featuredmedia":[{"embeddable":true,"href":"https:\/\/artculture6.com\/index.php\/wp-json\/wp\/v2\/media\/1346"}],"wp:attachment":[{"href":"https:\/\/artculture6.com\/index.php\/wp-json\/wp\/v2\/media?parent=1345"}],"wp:term":[{"taxonomy":"product_brand","embeddable":true,"href":"https:\/\/artculture6.com\/index.php\/wp-json\/wp\/v2\/product_brand?post=1345"},{"taxonomy":"product_cat","embeddable":true,"href":"https:\/\/artculture6.com\/index.php\/wp-json\/wp\/v2\/product_cat?post=1345"},{"taxonomy":"product_tag","embeddable":true,"href":"https:\/\/artculture6.com\/index.php\/wp-json\/wp\/v2\/product_tag?post=1345"}],"curies":[{"name":"wp","href":"https:\/\/api.w.org\/{rel}","templated":true}]}}