{"id":1335,"date":"2026-03-12T06:58:23","date_gmt":"2026-03-12T06:58:23","guid":{"rendered":"https:\/\/artculture6.com\/?post_type=product&#038;p=1335"},"modified":"2026-03-12T07:02:56","modified_gmt":"2026-03-12T07:02:56","slug":"apres-rembrandt-venus-au-bain-heliogravure-braun-clement-xixe-1898","status":"publish","type":"product","link":"https:\/\/artculture6.com\/index.php\/product\/apres-rembrandt-venus-au-bain-heliogravure-braun-clement-xixe-1898\/","title":{"rendered":"Apr\u00e8s Rembrandt V\u00e9nus au bain H\u00e9liogravure Braun Cl\u00e9ment XIXe 1898"},"content":{"rendered":"<p style=\"font-weight: 400;\" data-start=\"367\" data-end=\"782\">R\u00e9f\u00e9rence\u00a0B3292R789-47<\/p>\n<p style=\"font-weight: 400;\" data-start=\"367\" data-end=\"782\">Belle h\u00e9liogravure ancienne d\u2019apr\u00e8s <span data-start=\"403\" data-end=\"437\">Rembrandt van Rijn (1606-1669)<\/span> repr\u00e9sentant <span data-start=\"451\" data-end=\"468\">V\u00e9nus au bain<\/span>, sc\u00e8ne mythologique inspir\u00e9e de la tradition classique et interpr\u00e9t\u00e9e par le ma\u00eetre hollandais avec son c\u00e9l\u00e8bre clair-obscur. La figure f\u00e9minine, repr\u00e9sent\u00e9e dans un moment intime apr\u00e8s le bain, est rendue avec un model\u00e9 tr\u00e8s doux et une grande subtilit\u00e9 dans les ombres, caract\u00e9ristiques du style de Rembrandt.<\/p>\n<p style=\"font-weight: 400;\" data-start=\"784\" data-end=\"1022\">Ce tirage ancien est une <span data-start=\"809\" data-end=\"857\">h\u00e9liogravure \u00e9dit\u00e9e par Braun, Cl\u00e9ment &amp; Cie<\/span>, prestigieuse maison d\u2019\u00e9dition d\u2019art de la fin du XIX\u1d49 si\u00e8cle r\u00e9put\u00e9e pour la qualit\u00e9 de ses reproductions des grands ma\u00eetres conserv\u00e9s dans les mus\u00e9es europ\u00e9ens.<\/p>\n<p style=\"font-weight: 400;\" data-start=\"1024\" data-end=\"1118\">Dimensions de la feuille : <span data-start=\"1051\" data-end=\"1070\">23 cm \u00d7 22,2 cm<\/span><br data-start=\"1070\" data-end=\"1073\" \/>Dimensions de l\u2019image : <span data-start=\"1097\" data-end=\"1116\">23 cm \u00d7 12,2 cm<\/span><\/p>\n<p style=\"font-weight: 400;\" data-start=\"1120\" data-end=\"1218\">Belle \u00e9preuve ancienne sur papier fort avec marges. Bon \u00e9tat g\u00e9n\u00e9ral avec l\u00e9g\u00e8res traces du temps.<\/p>\n","protected":false},"excerpt":{"rendered":"<p>Belle h\u00e9liogravure ancienne d\u2019apr\u00e8s <strong data-start=\"106\" data-end=\"140\">Rembrandt van Rijn (1606-1669)<\/strong> repr\u00e9sentant <strong data-start=\"154\" data-end=\"171\">V\u00e9nus au bain<\/strong>, sc\u00e8ne mythologique trait\u00e9e dans le clair-obscur caract\u00e9ristique du ma\u00eetre hollandais. Tirage d\u2019art r\u00e9alis\u00e9 par <strong data-start=\"284\" data-end=\"308\">Braun, Cl\u00e9ment &amp; Cie<\/strong> \u00e0 la fin du XIX\u1d49 si\u00e8cle, \u00e9diteur renomm\u00e9 pour ses reproductions de chefs-d\u2019\u0153uvre conserv\u00e9s dans les mus\u00e9es europ\u00e9ens. Belle \u00e9preuve sur papier fort avec marges. <strong data-start=\"470\" data-end=\"552\">Dimensions de la feuille : 23 \u00d7 22,2 cm. Dimensions de l\u2019image : 23 \u00d7 12,2 cm.<\/strong>Bon \u00e9tat g\u00e9n\u00e9ral avec l\u00e9g\u00e8res traces du temps. Gravure id\u00e9ale pour collectionneur d\u2019art ancien ou d\u00e9coration classique.<\/p>\n","protected":false},"featured_media":1336,"comment_status":"open","ping_status":"closed","template":"","meta":[],"product_brand":[],"product_cat":[557,521,556,598],"product_tag":[623,638,636,622,637,144,616,633,635],"class_list":{"0":"post-1335","1":"product","2":"type-product","3":"status-publish","4":"has-post-thumbnail","6":"product_cat-artistes-2","7":"product_cat-gravures-xix-siecle","8":"product_cat-heliogravures","9":"product_cat-rembrandt-van-rijn-1606-1669","10":"product_tag-antique-art-print","11":"product_tag-braun-clement","12":"product_tag-classical-nude","13":"product_tag-dutch-master-print","14":"product_tag-nude-engraving","15":"product_tag-rembrandt","16":"product_tag-rembrandt-heliogravure","17":"product_tag-venus-at-the-bath","18":"product_tag-venus-rembrandt","20":"first","21":"instock","22":"shipping-taxable","23":"purchasable","24":"product-type-simple"},"_links":{"self":[{"href":"https:\/\/artculture6.com\/index.php\/wp-json\/wp\/v2\/product\/1335","targetHints":{"allow":["GET"]}}],"collection":[{"href":"https:\/\/artculture6.com\/index.php\/wp-json\/wp\/v2\/product"}],"about":[{"href":"https:\/\/artculture6.com\/index.php\/wp-json\/wp\/v2\/types\/product"}],"replies":[{"embeddable":true,"href":"https:\/\/artculture6.com\/index.php\/wp-json\/wp\/v2\/comments?post=1335"}],"wp:featuredmedia":[{"embeddable":true,"href":"https:\/\/artculture6.com\/index.php\/wp-json\/wp\/v2\/media\/1336"}],"wp:attachment":[{"href":"https:\/\/artculture6.com\/index.php\/wp-json\/wp\/v2\/media?parent=1335"}],"wp:term":[{"taxonomy":"product_brand","embeddable":true,"href":"https:\/\/artculture6.com\/index.php\/wp-json\/wp\/v2\/product_brand?post=1335"},{"taxonomy":"product_cat","embeddable":true,"href":"https:\/\/artculture6.com\/index.php\/wp-json\/wp\/v2\/product_cat?post=1335"},{"taxonomy":"product_tag","embeddable":true,"href":"https:\/\/artculture6.com\/index.php\/wp-json\/wp\/v2\/product_tag?post=1335"}],"curies":[{"name":"wp","href":"https:\/\/api.w.org\/{rel}","templated":true}]}}