{"id":1330,"date":"2026-03-12T06:12:58","date_gmt":"2026-03-12T06:12:58","guid":{"rendered":"https:\/\/artculture6.com\/?post_type=product&#038;p=1330"},"modified":"2026-03-12T07:04:35","modified_gmt":"2026-03-12T07:04:35","slug":"1330","status":"publish","type":"product","link":"https:\/\/artculture6.com\/index.php\/product\/1330\/","title":{"rendered":"Apr\u00e8s Rembrandt David jouant de la harpe devant Sa\u00fcl H\u00e9liogravure Lemercier 1898"},"content":{"rendered":"<p style=\"font-weight: 400;\">R\u00e9f\u00e9rence\u00a0B3291R789-46<\/p>\n<p style=\"font-weight: 400;\" data-start=\"309\" data-end=\"942\">Belle h\u00e9liogravure d\u2019apr\u00e8s Rembrandt repr\u00e9sentant\u00a0<span data-start=\"359\" data-end=\"406\">David jouant de la harpe devant le roi Sa\u00fcl<\/span>, c\u00e9l\u00e8bre sc\u00e8ne biblique tir\u00e9e de l\u2019Ancien Testament. Cette reproduction artistique ancienne restitue avec finesse les effets de clair-obscur caract\u00e9ristiques du ma\u00eetre hollandais. L\u2019image montre David, debout avec la harpe, apaisant le roi Sa\u00fcl par la musique. La richesse des ombres et la profondeur du model\u00e9 traduisent parfaitement l\u2019atmosph\u00e8re dramatique du style de Rembrandt. Tirage ancien en h\u00e9liogravure r\u00e9alis\u00e9 par\u00a0<span data-start=\"831\" data-end=\"844\">Lemercier<\/span>, grand imprimeur parisien du XIXe si\u00e8cle sp\u00e9cialis\u00e9 dans les reproductions d\u2019\u0153uvres de ma\u00eetres.<\/p>\n<p style=\"font-weight: 400;\" data-start=\"944\" data-end=\"1042\">Dimensions de la feuille :\u00a0<span data-start=\"971\" data-end=\"992\">32,8 cm \u00d7 28,5 cm<\/span><br data-start=\"992\" data-end=\"995\" \/>Dimensions de l\u2019image :\u00a0<span data-start=\"1019\" data-end=\"1040\">22,9 cm \u00d7 18,5 cm<\/span><\/p>\n<p style=\"font-weight: 400;\" data-start=\"1044\" data-end=\"1158\">Belle \u00e9preuve ancienne sur papier fort avec marges. Quelques traces l\u00e9g\u00e8res li\u00e9es \u00e0 l\u2019\u00e2ge, ensemble en bon \u00e9tat.<\/p>\n","protected":false},"excerpt":{"rendered":"<p>Rembrandt engraving, Rembrandt print, David and Saul Rembrandt, biblical engraving, Rembrandt heliogravure, Lemercier heliogravure, Rembrandt reproduction, Dutch master print, antique art print, 19th century engraving, biblical scene print, Rembrandt artwork reproduction,<\/p>\n","protected":false},"featured_media":1331,"comment_status":"open","ping_status":"closed","template":"","meta":[],"product_brand":[],"product_cat":[557,549,521,556,546,598],"product_tag":[625,619,617,618,622,631,620,629,144,616],"class_list":{"0":"post-1330","1":"product","2":"type-product","3":"status-publish","4":"has-post-thumbnail","6":"product_cat-artistes-2","7":"product_cat-gravures-par-siecles","8":"product_cat-gravures-xix-siecle","9":"product_cat-heliogravures","10":"product_cat-papier","11":"product_cat-rembrandt-van-rijn-1606-1669","12":"product_tag-biblical-art-print","13":"product_tag-biblical-scene-engraving","14":"product_tag-david-and-saul","15":"product_tag-david-playing-harp","16":"product_tag-dutch-master-print","17":"product_tag-fine-art-print","18":"product_tag-lemercier-heliogravure","19":"product_tag-museum-reproduction","20":"product_tag-rembrandt","21":"product_tag-rembrandt-heliogravure","23":"first","24":"instock","25":"shipping-taxable","26":"purchasable","27":"product-type-simple"},"_links":{"self":[{"href":"https:\/\/artculture6.com\/index.php\/wp-json\/wp\/v2\/product\/1330","targetHints":{"allow":["GET"]}}],"collection":[{"href":"https:\/\/artculture6.com\/index.php\/wp-json\/wp\/v2\/product"}],"about":[{"href":"https:\/\/artculture6.com\/index.php\/wp-json\/wp\/v2\/types\/product"}],"replies":[{"embeddable":true,"href":"https:\/\/artculture6.com\/index.php\/wp-json\/wp\/v2\/comments?post=1330"}],"wp:featuredmedia":[{"embeddable":true,"href":"https:\/\/artculture6.com\/index.php\/wp-json\/wp\/v2\/media\/1331"}],"wp:attachment":[{"href":"https:\/\/artculture6.com\/index.php\/wp-json\/wp\/v2\/media?parent=1330"}],"wp:term":[{"taxonomy":"product_brand","embeddable":true,"href":"https:\/\/artculture6.com\/index.php\/wp-json\/wp\/v2\/product_brand?post=1330"},{"taxonomy":"product_cat","embeddable":true,"href":"https:\/\/artculture6.com\/index.php\/wp-json\/wp\/v2\/product_cat?post=1330"},{"taxonomy":"product_tag","embeddable":true,"href":"https:\/\/artculture6.com\/index.php\/wp-json\/wp\/v2\/product_tag?post=1330"}],"curies":[{"name":"wp","href":"https:\/\/api.w.org\/{rel}","templated":true}]}}